{"id":13271,"date":"2018-09-24T09:00:27","date_gmt":"2018-09-24T15:00:27","guid":{"rendered":"https:\/\/guatemalacvb.com\/?post_type=tribe_events&amp;p=3842"},"modified":"2018-09-24T09:00:27","modified_gmt":"2018-09-24T15:00:27","slug":"congreso-the-future-of-business-2018","status":"publish","type":"tribe_events","link":"https:\/\/guatemalacvb.com\/en\/event\/congreso-the-future-of-business-2018\/","title":{"rendered":"Congreso The Future of Business 2018"},"content":{"rendered":"<p>El Congreso The Future of Business 2018 tiene como objetivo reunir expertos sobre la transformaci\u00f3n de los negocios y personas del futuro.\u00a0 Hotel Barcel\u00f3, 1 de octubre 2018.<\/p>\n<div style=\"width: 848px;\" class=\"wp-video\"><video class=\"wp-video-shortcode\" id=\"video-13271-1\" width=\"848\" height=\"480\" preload=\"metadata\" controls=\"controls\"><source type=\"video\/mp4\" src=\"https:\/\/guatemalacvb.com\/wp-content\/uploads\/2018\/09\/VID-20180807-WA0006.mp4?_=1\" \/><a href=\"https:\/\/guatemalacvb.com\/wp-content\/uploads\/2018\/09\/VID-20180807-WA0006.mp4\">https:\/\/guatemalacvb.com\/wp-content\/uploads\/2018\/09\/VID-20180807-WA0006.mp4<\/a><\/video><\/div>\n<h2 style=\"text-align: center\"><a href=\"https:\/\/guatemalacvb.com\/wp-content\/uploads\/2018\/09\/Business-Infographic.pdf\">M\u00e1s Informaci\u00f3n<\/a><\/h2>\n","protected":false},"excerpt":{"rendered":"<p>El Congreso The Future of Business 2018 tiene como objetivo reunir expertos sobre la transformaci\u00f3n de los negocios y personas del futuro.\u00a0 Hotel Barcel\u00f3, 1 de octubre 2018. M\u00e1s Informaci\u00f3n<\/p>\n","protected":false},"author":17,"featured_media":3848,"comment_status":"open","ping_status":"closed","template":"","meta":{"_et_pb_use_builder":"","_et_pb_old_content":"","_et_gb_content_width":"","_tribe_events_status":"","_tribe_events_status_reason":"","footnotes":""},"tags":[],"tribe_events_cat":[],"class_list":["post-13271","tribe_events","type-tribe_events","status-publish","has-post-thumbnail","hentry"],"yoast_head":"<!-- This site is optimized with the Yoast SEO plugin v25.0 - https:\/\/yoast.com\/wordpress\/plugins\/seo\/ -->\n<title>Congreso The Future of Business 2018 - Bur\u00f3 de Convenciones de Guatemala<\/title>\n<meta name=\"robots\" content=\"index, follow, max-snippet:-1, max-image-preview:large, max-video-preview:-1\" \/>\n<link rel=\"canonical\" href=\"https:\/\/guatemalacvb.com\/en\/event\/congreso-the-future-of-business-2018\/\" \/>\n<meta property=\"og:locale\" content=\"en_US\" \/>\n<meta property=\"og:type\" content=\"article\" \/>\n<meta property=\"og:title\" content=\"Congreso The Future of Business 2018 - Bur\u00f3 de Convenciones de Guatemala\" \/>\n<meta property=\"og:description\" content=\"El Congreso The Future of Business 2018 tiene como objetivo reunir expertos sobre la transformaci\u00f3n de los negocios y personas del futuro.\u00a0 Hotel Barcel\u00f3, 1 de octubre 2018. M\u00e1s Informaci\u00f3n\" \/>\n<meta property=\"og:url\" content=\"https:\/\/guatemalacvb.com\/en\/event\/congreso-the-future-of-business-2018\/\" \/>\n<meta property=\"og:site_name\" content=\"Bur\u00f3 de Convenciones de Guatemala\" \/>\n<meta property=\"article:publisher\" content=\"https:\/\/www.facebook.com\/BuroDeConvencionesGuatemala\/\" \/>\n<meta name=\"twitter:card\" content=\"summary_large_image\" \/>\n<meta name=\"twitter:site\" content=\"@guatemalacvb\" \/>\n<script type=\"application\/ld+json\" class=\"yoast-schema-graph\">{\"@context\":\"https:\/\/schema.org\",\"@graph\":[{\"@type\":\"WebPage\",\"@id\":\"https:\/\/guatemalacvb.com\/en\/event\/congreso-the-future-of-business-2018\/\",\"url\":\"https:\/\/guatemalacvb.com\/en\/event\/congreso-the-future-of-business-2018\/\",\"name\":\"Congreso The Future of Business 2018 - Bur\u00f3 de Convenciones de Guatemala\",\"isPartOf\":{\"@id\":\"https:\/\/guatemalacvb.com\/#website\"},\"primaryImageOfPage\":{\"@id\":\"https:\/\/guatemalacvb.com\/en\/event\/congreso-the-future-of-business-2018\/#primaryimage\"},\"image\":{\"@id\":\"https:\/\/guatemalacvb.com\/en\/event\/congreso-the-future-of-business-2018\/#primaryimage\"},\"thumbnailUrl\":\"\",\"datePublished\":\"2018-09-24T15:00:27+00:00\",\"breadcrumb\":{\"@id\":\"https:\/\/guatemalacvb.com\/en\/event\/congreso-the-future-of-business-2018\/#breadcrumb\"},\"inLanguage\":\"en-US\",\"potentialAction\":[{\"@type\":\"ReadAction\",\"target\":[\"https:\/\/guatemalacvb.com\/en\/event\/congreso-the-future-of-business-2018\/\"]}]},{\"@type\":\"ImageObject\",\"inLanguage\":\"en-US\",\"@id\":\"https:\/\/guatemalacvb.com\/en\/event\/congreso-the-future-of-business-2018\/#primaryimage\",\"url\":\"\",\"contentUrl\":\"\"},{\"@type\":\"BreadcrumbList\",\"@id\":\"https:\/\/guatemalacvb.com\/en\/event\/congreso-the-future-of-business-2018\/#breadcrumb\",\"itemListElement\":[{\"@type\":\"ListItem\",\"position\":1,\"name\":\"Portada\",\"item\":\"https:\/\/guatemalacvb.com\/en\/\"},{\"@type\":\"ListItem\",\"position\":2,\"name\":\"Events\",\"item\":\"https:\/\/guatemalacvb.com\/en\/events\/\"},{\"@type\":\"ListItem\",\"position\":3,\"name\":\"Congreso The Future of Business 2018\"}]},{\"@type\":\"WebSite\",\"@id\":\"https:\/\/guatemalacvb.com\/#website\",\"url\":\"https:\/\/guatemalacvb.com\/\",\"name\":\"Bur\u00f3 de Convenciones de Guatemala\",\"description\":\"Destino de clase mundial para eventos\",\"publisher\":{\"@id\":\"https:\/\/guatemalacvb.com\/#organization\"},\"potentialAction\":[{\"@type\":\"SearchAction\",\"target\":{\"@type\":\"EntryPoint\",\"urlTemplate\":\"https:\/\/guatemalacvb.com\/?s={search_term_string}\"},\"query-input\":{\"@type\":\"PropertyValueSpecification\",\"valueRequired\":true,\"valueName\":\"search_term_string\"}}],\"inLanguage\":\"en-US\"},{\"@type\":\"Organization\",\"@id\":\"https:\/\/guatemalacvb.com\/#organization\",\"name\":\"Bur\u00f3 de Convenciones de Guatemala\",\"url\":\"https:\/\/guatemalacvb.com\/\",\"logo\":{\"@type\":\"ImageObject\",\"inLanguage\":\"en-US\",\"@id\":\"https:\/\/guatemalacvb.com\/#\/schema\/logo\/image\/\",\"url\":\"https:\/\/guatemalacvb.com\/wp-content\/uploads\/sites\/46\/2021\/09\/menu-logo-2.png\",\"contentUrl\":\"https:\/\/guatemalacvb.com\/wp-content\/uploads\/sites\/46\/2021\/09\/menu-logo-2.png\",\"width\":202,\"height\":96,\"caption\":\"Bur\u00f3 de Convenciones de Guatemala\"},\"image\":{\"@id\":\"https:\/\/guatemalacvb.com\/#\/schema\/logo\/image\/\"},\"sameAs\":[\"https:\/\/www.facebook.com\/BuroDeConvencionesGuatemala\/\",\"https:\/\/x.com\/guatemalacvb\",\"https:\/\/www.instagram.com\/burodeconvencionesdeguatemala\/\",\"https:\/\/www.linkedin.com\/in\/bur\u00f3-de-convenciones-de-guatemala-971526157\"]}]}<\/script>\n<!-- \/ Yoast SEO plugin. -->","yoast_head_json":{"title":"Congreso The Future of Business 2018 - Bur\u00f3 de Convenciones de Guatemala","robots":{"index":"index","follow":"follow","max-snippet":"max-snippet:-1","max-image-preview":"max-image-preview:large","max-video-preview":"max-video-preview:-1"},"canonical":"https:\/\/guatemalacvb.com\/en\/event\/congreso-the-future-of-business-2018\/","og_locale":"en_US","og_type":"article","og_title":"Congreso The Future of Business 2018 - Bur\u00f3 de Convenciones de Guatemala","og_description":"El Congreso The Future of Business 2018 tiene como objetivo reunir expertos sobre la transformaci\u00f3n de los negocios y personas del futuro.\u00a0 Hotel Barcel\u00f3, 1 de octubre 2018. M\u00e1s Informaci\u00f3n","og_url":"https:\/\/guatemalacvb.com\/en\/event\/congreso-the-future-of-business-2018\/","og_site_name":"Bur\u00f3 de Convenciones de Guatemala","article_publisher":"https:\/\/www.facebook.com\/BuroDeConvencionesGuatemala\/","twitter_card":"summary_large_image","twitter_site":"@guatemalacvb","schema":{"@context":"https:\/\/schema.org","@graph":[{"@type":"WebPage","@id":"https:\/\/guatemalacvb.com\/en\/event\/congreso-the-future-of-business-2018\/","url":"https:\/\/guatemalacvb.com\/en\/event\/congreso-the-future-of-business-2018\/","name":"Congreso The Future of Business 2018 - Bur\u00f3 de Convenciones de Guatemala","isPartOf":{"@id":"https:\/\/guatemalacvb.com\/#website"},"primaryImageOfPage":{"@id":"https:\/\/guatemalacvb.com\/en\/event\/congreso-the-future-of-business-2018\/#primaryimage"},"image":{"@id":"https:\/\/guatemalacvb.com\/en\/event\/congreso-the-future-of-business-2018\/#primaryimage"},"thumbnailUrl":"","datePublished":"2018-09-24T15:00:27+00:00","breadcrumb":{"@id":"https:\/\/guatemalacvb.com\/en\/event\/congreso-the-future-of-business-2018\/#breadcrumb"},"inLanguage":"en-US","potentialAction":[{"@type":"ReadAction","target":["https:\/\/guatemalacvb.com\/en\/event\/congreso-the-future-of-business-2018\/"]}]},{"@type":"ImageObject","inLanguage":"en-US","@id":"https:\/\/guatemalacvb.com\/en\/event\/congreso-the-future-of-business-2018\/#primaryimage","url":"","contentUrl":""},{"@type":"BreadcrumbList","@id":"https:\/\/guatemalacvb.com\/en\/event\/congreso-the-future-of-business-2018\/#breadcrumb","itemListElement":[{"@type":"ListItem","position":1,"name":"Portada","item":"https:\/\/guatemalacvb.com\/en\/"},{"@type":"ListItem","position":2,"name":"Events","item":"https:\/\/guatemalacvb.com\/en\/events\/"},{"@type":"ListItem","position":3,"name":"Congreso The Future of Business 2018"}]},{"@type":"WebSite","@id":"https:\/\/guatemalacvb.com\/#website","url":"https:\/\/guatemalacvb.com\/","name":"Bur\u00f3 de Convenciones de Guatemala","description":"Destino de clase mundial para eventos","publisher":{"@id":"https:\/\/guatemalacvb.com\/#organization"},"potentialAction":[{"@type":"SearchAction","target":{"@type":"EntryPoint","urlTemplate":"https:\/\/guatemalacvb.com\/?s={search_term_string}"},"query-input":{"@type":"PropertyValueSpecification","valueRequired":true,"valueName":"search_term_string"}}],"inLanguage":"en-US"},{"@type":"Organization","@id":"https:\/\/guatemalacvb.com\/#organization","name":"Bur\u00f3 de Convenciones de Guatemala","url":"https:\/\/guatemalacvb.com\/","logo":{"@type":"ImageObject","inLanguage":"en-US","@id":"https:\/\/guatemalacvb.com\/#\/schema\/logo\/image\/","url":"https:\/\/guatemalacvb.com\/wp-content\/uploads\/sites\/46\/2021\/09\/menu-logo-2.png","contentUrl":"https:\/\/guatemalacvb.com\/wp-content\/uploads\/sites\/46\/2021\/09\/menu-logo-2.png","width":202,"height":96,"caption":"Bur\u00f3 de Convenciones de Guatemala"},"image":{"@id":"https:\/\/guatemalacvb.com\/#\/schema\/logo\/image\/"},"sameAs":["https:\/\/www.facebook.com\/BuroDeConvencionesGuatemala\/","https:\/\/x.com\/guatemalacvb","https:\/\/www.instagram.com\/burodeconvencionesdeguatemala\/","https:\/\/www.linkedin.com\/in\/bur\u00f3-de-convenciones-de-guatemala-971526157"]}]}},"_links":{"self":[{"href":"https:\/\/guatemalacvb.com\/en\/wp-json\/wp\/v2\/tribe_events\/13271","targetHints":{"allow":["GET"]}}],"collection":[{"href":"https:\/\/guatemalacvb.com\/en\/wp-json\/wp\/v2\/tribe_events"}],"about":[{"href":"https:\/\/guatemalacvb.com\/en\/wp-json\/wp\/v2\/types\/tribe_events"}],"author":[{"embeddable":true,"href":"https:\/\/guatemalacvb.com\/en\/wp-json\/wp\/v2\/users\/17"}],"replies":[{"embeddable":true,"href":"https:\/\/guatemalacvb.com\/en\/wp-json\/wp\/v2\/comments?post=13271"}],"version-history":[{"count":0,"href":"https:\/\/guatemalacvb.com\/en\/wp-json\/wp\/v2\/tribe_events\/13271\/revisions"}],"wp:featuredmedia":[{"embeddable":true,"href":"https:\/\/guatemalacvb.com\/en\/wp-json\/"}],"wp:attachment":[{"href":"https:\/\/guatemalacvb.com\/en\/wp-json\/wp\/v2\/media?parent=13271"}],"wp:term":[{"taxonomy":"post_tag","embeddable":true,"href":"https:\/\/guatemalacvb.com\/en\/wp-json\/wp\/v2\/tags?post=13271"},{"taxonomy":"tribe_events_cat","embeddable":true,"href":"https:\/\/guatemalacvb.com\/en\/wp-json\/wp\/v2\/tribe_events_cat?post=13271"}],"curies":[{"name":"wp","href":"https:\/\/api.w.org\/{rel}","templated":true}]}}

<p>El Congreso The Future of Business 2018 tiene como objetivo reunir expertos sobre la transformación de los negocios y personas del futuro.  Hotel Barceló, 1 de octubre 2018.</p>
<div style="width: 848px;" class="wp-video"><video class="wp-video-shortcode" id="video-13271-1" width="848" height="480" preload="metadata" controls="controls"><source type="video/mp4" src="https://guatemalacvb.com/wp-content/uploads/2018/09/VID-20180807-WA0006.mp4?_=1" /><a href="https://guatemalacvb.com/wp-content/uploads/2018/09/VID-20180807-WA0006.mp4">https://guatemalacvb.com/wp-content/uploads/2018/09/VID-20180807-WA0006.mp4</a></video></div>
<h2 style="text-align: center"><a href="https://guatemalacvb.com/wp-content/uploads/2018/09/Business-Infographic.pdf">Más Información</a></h2>

<p>El Congreso The Future of Business 2018 tiene como objetivo reunir expertos sobre la transformación de los negocios y personas del futuro.  Hotel Barceló, 1 de octubre 2018. Más Información</p>

<!-- This site is optimized with the Yoast SEO plugin v25.0 - https://yoast.com/wordpress/plugins/seo/ -->
<title>Congreso The Future of Business 2018 - Buró de Convenciones de Guatemala</title>
<meta name="robots" content="index, follow, max-snippet:-1, max-image-preview:large, max-video-preview:-1" />
<link rel="canonical" href="https://guatemalacvb.com/en/event/congreso-the-future-of-business-2018/" />
<meta property="og:locale" content="en_US" />
<meta property="og:type" content="article" />
<meta property="og:title" content="Congreso The Future of Business 2018 - Buró de Convenciones de Guatemala" />
<meta property="og:description" content="El Congreso The Future of Business 2018 tiene como objetivo reunir expertos sobre la transformación de los negocios y personas del futuro.  Hotel Barceló, 1 de octubre 2018. Más Información" />
<meta property="og:url" content="https://guatemalacvb.com/en/event/congreso-the-future-of-business-2018/" />
<meta property="og:site_name" content="Buró de Convenciones de Guatemala" />
<meta property="article:publisher" content="https://www.facebook.com/BuroDeConvencionesGuatemala/" />
<meta name="twitter:card" content="summary_large_image" />
<meta name="twitter:site" content="@guatemalacvb" />
<script type="application/ld+json" class="yoast-schema-graph">{"@context":"https://schema.org","@graph":[{"@type":"WebPage","@id":"https://guatemalacvb.com/en/event/congreso-the-future-of-business-2018/","url":"https://guatemalacvb.com/en/event/congreso-the-future-of-business-2018/","name":"Congreso The Future of Business 2018 - Buró de Convenciones de Guatemala","isPartOf":{"@id":"https://guatemalacvb.com/#website"},"primaryImageOfPage":{"@id":"https://guatemalacvb.com/en/event/congreso-the-future-of-business-2018/#primaryimage"},"image":{"@id":"https://guatemalacvb.com/en/event/congreso-the-future-of-business-2018/#primaryimage"},"thumbnailUrl":"","datePublished":"2018-09-24T15:00:27+00:00","breadcrumb":{"@id":"https://guatemalacvb.com/en/event/congreso-the-future-of-business-2018/#breadcrumb"},"inLanguage":"en-US","potentialAction":[{"@type":"ReadAction","target":["https://guatemalacvb.com/en/event/congreso-the-future-of-business-2018/"]}]},{"@type":"ImageObject","inLanguage":"en-US","@id":"https://guatemalacvb.com/en/event/congreso-the-future-of-business-2018/#primaryimage","url":"","contentUrl":""},{"@type":"BreadcrumbList","@id":"https://guatemalacvb.com/en/event/congreso-the-future-of-business-2018/#breadcrumb","itemListElement":[{"@type":"ListItem","position":1,"name":"Portada","item":"https://guatemalacvb.com/en/"},{"@type":"ListItem","position":2,"name":"Events","item":"https://guatemalacvb.com/en/events/"},{"@type":"ListItem","position":3,"name":"Congreso The Future of Business 2018"}]},{"@type":"WebSite","@id":"https://guatemalacvb.com/#website","url":"https://guatemalacvb.com/","name":"Buró de Convenciones de Guatemala","description":"Destino de clase mundial para eventos","publisher":{"@id":"https://guatemalacvb.com/#organization"},"potentialAction":[{"@type":"SearchAction","target":{"@type":"EntryPoint","urlTemplate":"https://guatemalacvb.com/?s={search_term_string}"},"query-input":{"@type":"PropertyValueSpecification","valueRequired":true,"valueName":"search_term_string"}}],"inLanguage":"en-US"},{"@type":"Organization","@id":"https://guatemalacvb.com/#organization","name":"Buró de Convenciones de Guatemala","url":"https://guatemalacvb.com/","logo":{"@type":"ImageObject","inLanguage":"en-US","@id":"https://guatemalacvb.com/#/schema/logo/image/","url":"https://guatemalacvb.com/wp-content/uploads/sites/46/2021/09/menu-logo-2.png","contentUrl":"https://guatemalacvb.com/wp-content/uploads/sites/46/2021/09/menu-logo-2.png","width":202,"height":96,"caption":"Buró de Convenciones de Guatemala"},"image":{"@id":"https://guatemalacvb.com/#/schema/logo/image/"},"sameAs":["https://www.facebook.com/BuroDeConvencionesGuatemala/","https://x.com/guatemalacvb","https://www.instagram.com/burodeconvencionesdeguatemala/","https://www.linkedin.com/in/buró-de-convenciones-de-guatemala-971526157"]}]}</script>
<!-- / Yoast SEO plugin. -->

Congreso The Future of Business 2018 - Buró de Convenciones de Guatemala

El Congreso The Future of Business 2018 tiene como objetivo reunir expertos sobre la transformación de los negocios y personas del futuro.  Hotel Barceló, 1 de octubre 2018. Más Información

Buró de Convenciones de Guatemala

https://www.linkedin.com/in/buró-de-convenciones-de-guatemala-971526157
