{"id":13419,"date":"2020-01-17T09:00:00","date_gmt":"2020-01-17T15:00:00","guid":{"rendered":"https:\/\/guatemalacvb.com\/?post_type=tribe_events&amp;p=6820"},"modified":"2020-01-17T09:00:00","modified_gmt":"2020-01-17T15:00:00","slug":"festival-fiesta-de-las-artes","status":"publish","type":"tribe_events","link":"https:\/\/guatemalacvb.com\/en\/event\/festival-fiesta-de-las-artes\/","title":{"rendered":"Festival &#8220;Fiesta de las Artes&#8221;"},"content":{"rendered":"<p>Asiste al primer Festival Fiesta de las Artes en San Juan Comalapa, Chimaltenango. Este se realizar\u00e1 el domingo 19 de enero. La modalidad ser\u00e1 pintura al aire libre. Habr\u00e1 exposici\u00f3n de pintura de artistas locales, exposici\u00f3n y venta de textiles, talleres de arte y repertorio de artista en m\u00fasica y danza. Para m\u00e1s informaci\u00f3n escribe a <a href=\"mailto:fiestadelasarteschixot@gmail.com\">fiestadelasarteschixot@gmail.com<\/a><\/p>\n","protected":false},"excerpt":{"rendered":"<p>Asiste al primer Festival Fiesta de las Artes en San Juan Comalapa, Chimaltenango. Este se realizar\u00e1 el domingo 19 de enero. La modalidad ser\u00e1 pintura al aire libre. Habr\u00e1 exposici\u00f3n [&hellip;]<\/p>\n","protected":false},"author":17,"featured_media":6821,"comment_status":"open","ping_status":"closed","template":"","meta":{"_et_pb_use_builder":"","_et_pb_old_content":"","_et_gb_content_width":"","_tribe_events_status":"","_tribe_events_status_reason":"","footnotes":""},"tags":[],"tribe_events_cat":[],"class_list":["post-13419","tribe_events","type-tribe_events","status-publish","has-post-thumbnail","hentry"],"yoast_head":"<!-- This site is optimized with the Yoast SEO plugin v25.0 - https:\/\/yoast.com\/wordpress\/plugins\/seo\/ -->\n<title>Festival &quot;Fiesta de las Artes&quot; - Bur\u00f3 de Convenciones de Guatemala<\/title>\n<meta name=\"robots\" content=\"index, follow, max-snippet:-1, max-image-preview:large, max-video-preview:-1\" \/>\n<link rel=\"canonical\" href=\"https:\/\/guatemalacvb.com\/event\/festival-fiesta-de-las-artes\/\" \/>\n<meta property=\"og:locale\" content=\"en_US\" \/>\n<meta property=\"og:type\" content=\"article\" \/>\n<meta property=\"og:title\" content=\"Festival &quot;Fiesta de las Artes&quot; - Bur\u00f3 de Convenciones de Guatemala\" \/>\n<meta property=\"og:description\" content=\"Asiste al primer Festival Fiesta de las Artes en San Juan Comalapa, Chimaltenango. Este se realizar\u00e1 el domingo 19 de enero. La modalidad ser\u00e1 pintura al aire libre. Habr\u00e1 exposici\u00f3n [&hellip;]\" \/>\n<meta property=\"og:url\" content=\"https:\/\/guatemalacvb.com\/event\/festival-fiesta-de-las-artes\/\" \/>\n<meta property=\"og:site_name\" content=\"Bur\u00f3 de Convenciones de Guatemala\" \/>\n<meta property=\"article:publisher\" content=\"https:\/\/www.facebook.com\/BuroDeConvencionesGuatemala\/\" \/>\n<meta name=\"twitter:card\" content=\"summary_large_image\" \/>\n<meta name=\"twitter:site\" content=\"@guatemalacvb\" \/>\n<script type=\"application\/ld+json\" class=\"yoast-schema-graph\">{\"@context\":\"https:\/\/schema.org\",\"@graph\":[{\"@type\":\"WebPage\",\"@id\":\"https:\/\/guatemalacvb.com\/event\/festival-fiesta-de-las-artes\/\",\"url\":\"https:\/\/guatemalacvb.com\/event\/festival-fiesta-de-las-artes\/\",\"name\":\"Festival \\\"Fiesta de las Artes\\\" - Bur\u00f3 de Convenciones de Guatemala\",\"isPartOf\":{\"@id\":\"https:\/\/guatemalacvb.com\/#website\"},\"primaryImageOfPage\":{\"@id\":\"https:\/\/guatemalacvb.com\/event\/festival-fiesta-de-las-artes\/#primaryimage\"},\"image\":{\"@id\":\"https:\/\/guatemalacvb.com\/event\/festival-fiesta-de-las-artes\/#primaryimage\"},\"thumbnailUrl\":\"\",\"datePublished\":\"2020-01-17T15:00:00+00:00\",\"breadcrumb\":{\"@id\":\"https:\/\/guatemalacvb.com\/event\/festival-fiesta-de-las-artes\/#breadcrumb\"},\"inLanguage\":\"en-US\",\"potentialAction\":[{\"@type\":\"ReadAction\",\"target\":[\"https:\/\/guatemalacvb.com\/event\/festival-fiesta-de-las-artes\/\"]}]},{\"@type\":\"ImageObject\",\"inLanguage\":\"en-US\",\"@id\":\"https:\/\/guatemalacvb.com\/event\/festival-fiesta-de-las-artes\/#primaryimage\",\"url\":\"\",\"contentUrl\":\"\"},{\"@type\":\"BreadcrumbList\",\"@id\":\"https:\/\/guatemalacvb.com\/event\/festival-fiesta-de-las-artes\/#breadcrumb\",\"itemListElement\":[{\"@type\":\"ListItem\",\"position\":1,\"name\":\"Portada\",\"item\":\"https:\/\/guatemalacvb.com\/en\/\"},{\"@type\":\"ListItem\",\"position\":2,\"name\":\"Events\",\"item\":\"https:\/\/guatemalacvb.com\/en\/events\/\"},{\"@type\":\"ListItem\",\"position\":3,\"name\":\"Festival &#8220;Fiesta de las Artes&#8221;\"}]},{\"@type\":\"WebSite\",\"@id\":\"https:\/\/guatemalacvb.com\/#website\",\"url\":\"https:\/\/guatemalacvb.com\/\",\"name\":\"Bur\u00f3 de Convenciones de Guatemala\",\"description\":\"Destino de clase mundial para eventos\",\"publisher\":{\"@id\":\"https:\/\/guatemalacvb.com\/#organization\"},\"potentialAction\":[{\"@type\":\"SearchAction\",\"target\":{\"@type\":\"EntryPoint\",\"urlTemplate\":\"https:\/\/guatemalacvb.com\/?s={search_term_string}\"},\"query-input\":{\"@type\":\"PropertyValueSpecification\",\"valueRequired\":true,\"valueName\":\"search_term_string\"}}],\"inLanguage\":\"en-US\"},{\"@type\":\"Organization\",\"@id\":\"https:\/\/guatemalacvb.com\/#organization\",\"name\":\"Bur\u00f3 de Convenciones de Guatemala\",\"url\":\"https:\/\/guatemalacvb.com\/\",\"logo\":{\"@type\":\"ImageObject\",\"inLanguage\":\"en-US\",\"@id\":\"https:\/\/guatemalacvb.com\/#\/schema\/logo\/image\/\",\"url\":\"https:\/\/guatemalacvb.com\/wp-content\/uploads\/sites\/46\/2021\/09\/menu-logo-2.png\",\"contentUrl\":\"https:\/\/guatemalacvb.com\/wp-content\/uploads\/sites\/46\/2021\/09\/menu-logo-2.png\",\"width\":202,\"height\":96,\"caption\":\"Bur\u00f3 de Convenciones de Guatemala\"},\"image\":{\"@id\":\"https:\/\/guatemalacvb.com\/#\/schema\/logo\/image\/\"},\"sameAs\":[\"https:\/\/www.facebook.com\/BuroDeConvencionesGuatemala\/\",\"https:\/\/x.com\/guatemalacvb\",\"https:\/\/www.instagram.com\/burodeconvencionesdeguatemala\/\",\"https:\/\/www.linkedin.com\/in\/bur\u00f3-de-convenciones-de-guatemala-971526157\"]}]}<\/script>\n<!-- \/ Yoast SEO plugin. -->","yoast_head_json":{"title":"Festival \"Fiesta de las Artes\" - Bur\u00f3 de Convenciones de Guatemala","robots":{"index":"index","follow":"follow","max-snippet":"max-snippet:-1","max-image-preview":"max-image-preview:large","max-video-preview":"max-video-preview:-1"},"canonical":"https:\/\/guatemalacvb.com\/event\/festival-fiesta-de-las-artes\/","og_locale":"en_US","og_type":"article","og_title":"Festival \"Fiesta de las Artes\" - Bur\u00f3 de Convenciones de Guatemala","og_description":"Asiste al primer Festival Fiesta de las Artes en San Juan Comalapa, Chimaltenango. Este se realizar\u00e1 el domingo 19 de enero. La modalidad ser\u00e1 pintura al aire libre. Habr\u00e1 exposici\u00f3n [&hellip;]","og_url":"https:\/\/guatemalacvb.com\/event\/festival-fiesta-de-las-artes\/","og_site_name":"Bur\u00f3 de Convenciones de Guatemala","article_publisher":"https:\/\/www.facebook.com\/BuroDeConvencionesGuatemala\/","twitter_card":"summary_large_image","twitter_site":"@guatemalacvb","schema":{"@context":"https:\/\/schema.org","@graph":[{"@type":"WebPage","@id":"https:\/\/guatemalacvb.com\/event\/festival-fiesta-de-las-artes\/","url":"https:\/\/guatemalacvb.com\/event\/festival-fiesta-de-las-artes\/","name":"Festival \"Fiesta de las Artes\" - Bur\u00f3 de Convenciones de Guatemala","isPartOf":{"@id":"https:\/\/guatemalacvb.com\/#website"},"primaryImageOfPage":{"@id":"https:\/\/guatemalacvb.com\/event\/festival-fiesta-de-las-artes\/#primaryimage"},"image":{"@id":"https:\/\/guatemalacvb.com\/event\/festival-fiesta-de-las-artes\/#primaryimage"},"thumbnailUrl":"","datePublished":"2020-01-17T15:00:00+00:00","breadcrumb":{"@id":"https:\/\/guatemalacvb.com\/event\/festival-fiesta-de-las-artes\/#breadcrumb"},"inLanguage":"en-US","potentialAction":[{"@type":"ReadAction","target":["https:\/\/guatemalacvb.com\/event\/festival-fiesta-de-las-artes\/"]}]},{"@type":"ImageObject","inLanguage":"en-US","@id":"https:\/\/guatemalacvb.com\/event\/festival-fiesta-de-las-artes\/#primaryimage","url":"","contentUrl":""},{"@type":"BreadcrumbList","@id":"https:\/\/guatemalacvb.com\/event\/festival-fiesta-de-las-artes\/#breadcrumb","itemListElement":[{"@type":"ListItem","position":1,"name":"Portada","item":"https:\/\/guatemalacvb.com\/en\/"},{"@type":"ListItem","position":2,"name":"Events","item":"https:\/\/guatemalacvb.com\/en\/events\/"},{"@type":"ListItem","position":3,"name":"Festival &#8220;Fiesta de las Artes&#8221;"}]},{"@type":"WebSite","@id":"https:\/\/guatemalacvb.com\/#website","url":"https:\/\/guatemalacvb.com\/","name":"Bur\u00f3 de Convenciones de Guatemala","description":"Destino de clase mundial para eventos","publisher":{"@id":"https:\/\/guatemalacvb.com\/#organization"},"potentialAction":[{"@type":"SearchAction","target":{"@type":"EntryPoint","urlTemplate":"https:\/\/guatemalacvb.com\/?s={search_term_string}"},"query-input":{"@type":"PropertyValueSpecification","valueRequired":true,"valueName":"search_term_string"}}],"inLanguage":"en-US"},{"@type":"Organization","@id":"https:\/\/guatemalacvb.com\/#organization","name":"Bur\u00f3 de Convenciones de Guatemala","url":"https:\/\/guatemalacvb.com\/","logo":{"@type":"ImageObject","inLanguage":"en-US","@id":"https:\/\/guatemalacvb.com\/#\/schema\/logo\/image\/","url":"https:\/\/guatemalacvb.com\/wp-content\/uploads\/sites\/46\/2021\/09\/menu-logo-2.png","contentUrl":"https:\/\/guatemalacvb.com\/wp-content\/uploads\/sites\/46\/2021\/09\/menu-logo-2.png","width":202,"height":96,"caption":"Bur\u00f3 de Convenciones de Guatemala"},"image":{"@id":"https:\/\/guatemalacvb.com\/#\/schema\/logo\/image\/"},"sameAs":["https:\/\/www.facebook.com\/BuroDeConvencionesGuatemala\/","https:\/\/x.com\/guatemalacvb","https:\/\/www.instagram.com\/burodeconvencionesdeguatemala\/","https:\/\/www.linkedin.com\/in\/bur\u00f3-de-convenciones-de-guatemala-971526157"]}]}},"_links":{"self":[{"href":"https:\/\/guatemalacvb.com\/en\/wp-json\/wp\/v2\/tribe_events\/13419","targetHints":{"allow":["GET"]}}],"collection":[{"href":"https:\/\/guatemalacvb.com\/en\/wp-json\/wp\/v2\/tribe_events"}],"about":[{"href":"https:\/\/guatemalacvb.com\/en\/wp-json\/wp\/v2\/types\/tribe_events"}],"author":[{"embeddable":true,"href":"https:\/\/guatemalacvb.com\/en\/wp-json\/wp\/v2\/users\/17"}],"replies":[{"embeddable":true,"href":"https:\/\/guatemalacvb.com\/en\/wp-json\/wp\/v2\/comments?post=13419"}],"version-history":[{"count":0,"href":"https:\/\/guatemalacvb.com\/en\/wp-json\/wp\/v2\/tribe_events\/13419\/revisions"}],"wp:featuredmedia":[{"embeddable":true,"href":"https:\/\/guatemalacvb.com\/en\/wp-json\/"}],"wp:attachment":[{"href":"https:\/\/guatemalacvb.com\/en\/wp-json\/wp\/v2\/media?parent=13419"}],"wp:term":[{"taxonomy":"post_tag","embeddable":true,"href":"https:\/\/guatemalacvb.com\/en\/wp-json\/wp\/v2\/tags?post=13419"},{"taxonomy":"tribe_events_cat","embeddable":true,"href":"https:\/\/guatemalacvb.com\/en\/wp-json\/wp\/v2\/tribe_events_cat?post=13419"}],"curies":[{"name":"wp","href":"https:\/\/api.w.org\/{rel}","templated":true}]}}

<p>Asiste al primer Festival Fiesta de las Artes en San Juan Comalapa, Chimaltenango. Este se realizará el domingo 19 de enero. La modalidad será pintura al aire libre. Habrá exposición de pintura de artistas locales, exposición y venta de textiles, talleres de arte y repertorio de artista en música y danza. Para más información escribe a <a href="mailto:fiestadelasarteschixot@gmail.com">fiestadelasarteschixot@gmail.com</a></p>

<p>Asiste al primer Festival Fiesta de las Artes en San Juan Comalapa, Chimaltenango. Este se realizará el domingo 19 de enero. La modalidad será pintura al aire libre. Habrá exposición [&hellip;]</p>

<!-- This site is optimized with the Yoast SEO plugin v25.0 - https://yoast.com/wordpress/plugins/seo/ -->
<title>Festival &quot;Fiesta de las Artes&quot; - Buró de Convenciones de Guatemala</title>
<meta name="robots" content="index, follow, max-snippet:-1, max-image-preview:large, max-video-preview:-1" />
<link rel="canonical" href="https://guatemalacvb.com/event/festival-fiesta-de-las-artes/" />
<meta property="og:locale" content="en_US" />
<meta property="og:type" content="article" />
<meta property="og:title" content="Festival &quot;Fiesta de las Artes&quot; - Buró de Convenciones de Guatemala" />
<meta property="og:description" content="Asiste al primer Festival Fiesta de las Artes en San Juan Comalapa, Chimaltenango. Este se realizará el domingo 19 de enero. La modalidad será pintura al aire libre. Habrá exposición [&hellip;]" />
<meta property="og:url" content="https://guatemalacvb.com/event/festival-fiesta-de-las-artes/" />
<meta property="og:site_name" content="Buró de Convenciones de Guatemala" />
<meta property="article:publisher" content="https://www.facebook.com/BuroDeConvencionesGuatemala/" />
<meta name="twitter:card" content="summary_large_image" />
<meta name="twitter:site" content="@guatemalacvb" />
<script type="application/ld+json" class="yoast-schema-graph">{"@context":"https://schema.org","@graph":[{"@type":"WebPage","@id":"https://guatemalacvb.com/event/festival-fiesta-de-las-artes/","url":"https://guatemalacvb.com/event/festival-fiesta-de-las-artes/","name":"Festival \"Fiesta de las Artes\" - Buró de Convenciones de Guatemala","isPartOf":{"@id":"https://guatemalacvb.com/#website"},"primaryImageOfPage":{"@id":"https://guatemalacvb.com/event/festival-fiesta-de-las-artes/#primaryimage"},"image":{"@id":"https://guatemalacvb.com/event/festival-fiesta-de-las-artes/#primaryimage"},"thumbnailUrl":"","datePublished":"2020-01-17T15:00:00+00:00","breadcrumb":{"@id":"https://guatemalacvb.com/event/festival-fiesta-de-las-artes/#breadcrumb"},"inLanguage":"en-US","potentialAction":[{"@type":"ReadAction","target":["https://guatemalacvb.com/event/festival-fiesta-de-las-artes/"]}]},{"@type":"ImageObject","inLanguage":"en-US","@id":"https://guatemalacvb.com/event/festival-fiesta-de-las-artes/#primaryimage","url":"","contentUrl":""},{"@type":"BreadcrumbList","@id":"https://guatemalacvb.com/event/festival-fiesta-de-las-artes/#breadcrumb","itemListElement":[{"@type":"ListItem","position":1,"name":"Portada","item":"https://guatemalacvb.com/en/"},{"@type":"ListItem","position":2,"name":"Events","item":"https://guatemalacvb.com/en/events/"},{"@type":"ListItem","position":3,"name":"Festival &#8220;Fiesta de las Artes&#8221;"}]},{"@type":"WebSite","@id":"https://guatemalacvb.com/#website","url":"https://guatemalacvb.com/","name":"Buró de Convenciones de Guatemala","description":"Destino de clase mundial para eventos","publisher":{"@id":"https://guatemalacvb.com/#organization"},"potentialAction":[{"@type":"SearchAction","target":{"@type":"EntryPoint","urlTemplate":"https://guatemalacvb.com/?s={search_term_string}"},"query-input":{"@type":"PropertyValueSpecification","valueRequired":true,"valueName":"search_term_string"}}],"inLanguage":"en-US"},{"@type":"Organization","@id":"https://guatemalacvb.com/#organization","name":"Buró de Convenciones de Guatemala","url":"https://guatemalacvb.com/","logo":{"@type":"ImageObject","inLanguage":"en-US","@id":"https://guatemalacvb.com/#/schema/logo/image/","url":"https://guatemalacvb.com/wp-content/uploads/sites/46/2021/09/menu-logo-2.png","contentUrl":"https://guatemalacvb.com/wp-content/uploads/sites/46/2021/09/menu-logo-2.png","width":202,"height":96,"caption":"Buró de Convenciones de Guatemala"},"image":{"@id":"https://guatemalacvb.com/#/schema/logo/image/"},"sameAs":["https://www.facebook.com/BuroDeConvencionesGuatemala/","https://x.com/guatemalacvb","https://www.instagram.com/burodeconvencionesdeguatemala/","https://www.linkedin.com/in/buró-de-convenciones-de-guatemala-971526157"]}]}</script>
<!-- / Yoast SEO plugin. -->

Festival "Fiesta de las Artes" - Buró de Convenciones de Guatemala

Asiste al primer Festival Fiesta de las Artes en San Juan Comalapa, Chimaltenango. Este se realizará el domingo 19 de enero. La modalidad será pintura al aire libre. Habrá exposición [&hellip;]

Buró de Convenciones de Guatemala

https://www.linkedin.com/in/buró-de-convenciones-de-guatemala-971526157
