{"id":13500,"date":"2020-09-06T08:34:52","date_gmt":"2020-09-06T14:34:52","guid":{"rendered":"https:\/\/guatemalacvb.com\/?post_type=tribe_events&amp;p=9627"},"modified":"2020-09-06T08:34:52","modified_gmt":"2020-09-06T14:34:52","slug":"ii-congreso-ambiental","status":"publish","type":"tribe_events","link":"https:\/\/guatemalacvb.com\/en\/event\/ii-congreso-ambiental\/","title":{"rendered":"II Congreso Ambiental"},"content":{"rendered":"<div data-removefontsize=\"true\" data-originalcomputedfontsize=\"16\">El II Congreso Ambiental de la Municipalidad de Guatemala, busca generar un espacio de socializaci\u00f3n y educaci\u00f3n en temas ambientales. El congreso se realizar\u00e1 del 21 al 25 de septiembre y las inscripciones est\u00e1n abiertas hasta el 15 septiembre. Para m\u00e1s informaci\u00f3n ingresa a <a href=\"https:\/\/educacionambiental.muniguate.com\/?fbclid=IwAR2PUCDLdi8PiIFQo-H0G9Ycy6Jfj8VAJ0yrezgDq8Hp-iYkUOnHiG0CHMA\" target=\"_blank\" rel=\"nofollow noopener noreferrer\" data-saferedirecturl=\"https:\/\/www.google.com\/url?q=https:\/\/educacionambiental.muniguate.com\/?fbclid%3DIwAR2PUCDLdi8PiIFQo-H0G9Ycy6Jfj8VAJ0yrezgDq8Hp-iYkUOnHiG0CHMA&amp;source=gmail&amp;ust=1599333430461000&amp;usg=AFQjCNFaY9TH9fG6nc0rQNCTdGOYzBma8w\" data-originalfontsize=\"14px\" data-originalcomputedfontsize=\"14\">educacionambiental.muniguate.com<\/a><\/div>\n","protected":false},"excerpt":{"rendered":"<p>El II Congreso Ambiental de la Municipalidad de Guatemala, busca generar un espacio de socializaci\u00f3n y educaci\u00f3n en temas ambientales. El congreso se realizar\u00e1 del 21 al 25 de septiembre [&hellip;]<\/p>\n","protected":false},"author":17,"featured_media":9628,"comment_status":"open","ping_status":"closed","template":"","meta":{"_et_pb_use_builder":"","_et_pb_old_content":"","_et_gb_content_width":"","_tribe_events_status":"","_tribe_events_status_reason":"","footnotes":""},"tags":[],"tribe_events_cat":[],"class_list":["post-13500","tribe_events","type-tribe_events","status-publish","has-post-thumbnail","hentry"],"yoast_head":"<!-- This site is optimized with the Yoast SEO plugin v25.0 - https:\/\/yoast.com\/wordpress\/plugins\/seo\/ -->\n<title>II Congreso Ambiental - Bur\u00f3 de Convenciones de Guatemala<\/title>\n<meta name=\"robots\" content=\"index, follow, max-snippet:-1, max-image-preview:large, max-video-preview:-1\" \/>\n<link rel=\"canonical\" href=\"https:\/\/guatemalacvb.com\/event\/ii-congreso-ambiental\/\" \/>\n<meta property=\"og:locale\" content=\"en_US\" \/>\n<meta property=\"og:type\" content=\"article\" \/>\n<meta property=\"og:title\" content=\"II Congreso Ambiental - Bur\u00f3 de Convenciones de Guatemala\" \/>\n<meta property=\"og:description\" content=\"El II Congreso Ambiental de la Municipalidad de Guatemala, busca generar un espacio de socializaci\u00f3n y educaci\u00f3n en temas ambientales. El congreso se realizar\u00e1 del 21 al 25 de septiembre [&hellip;]\" \/>\n<meta property=\"og:url\" content=\"https:\/\/guatemalacvb.com\/event\/ii-congreso-ambiental\/\" \/>\n<meta property=\"og:site_name\" content=\"Bur\u00f3 de Convenciones de Guatemala\" \/>\n<meta property=\"article:publisher\" content=\"https:\/\/www.facebook.com\/BuroDeConvencionesGuatemala\/\" \/>\n<meta name=\"twitter:card\" content=\"summary_large_image\" \/>\n<meta name=\"twitter:site\" content=\"@guatemalacvb\" \/>\n<script type=\"application\/ld+json\" class=\"yoast-schema-graph\">{\"@context\":\"https:\/\/schema.org\",\"@graph\":[{\"@type\":\"WebPage\",\"@id\":\"https:\/\/guatemalacvb.com\/event\/ii-congreso-ambiental\/\",\"url\":\"https:\/\/guatemalacvb.com\/event\/ii-congreso-ambiental\/\",\"name\":\"II Congreso Ambiental - Bur\u00f3 de Convenciones de Guatemala\",\"isPartOf\":{\"@id\":\"https:\/\/guatemalacvb.com\/#website\"},\"primaryImageOfPage\":{\"@id\":\"https:\/\/guatemalacvb.com\/event\/ii-congreso-ambiental\/#primaryimage\"},\"image\":{\"@id\":\"https:\/\/guatemalacvb.com\/event\/ii-congreso-ambiental\/#primaryimage\"},\"thumbnailUrl\":\"\",\"datePublished\":\"2020-09-06T14:34:52+00:00\",\"breadcrumb\":{\"@id\":\"https:\/\/guatemalacvb.com\/event\/ii-congreso-ambiental\/#breadcrumb\"},\"inLanguage\":\"en-US\",\"potentialAction\":[{\"@type\":\"ReadAction\",\"target\":[\"https:\/\/guatemalacvb.com\/event\/ii-congreso-ambiental\/\"]}]},{\"@type\":\"ImageObject\",\"inLanguage\":\"en-US\",\"@id\":\"https:\/\/guatemalacvb.com\/event\/ii-congreso-ambiental\/#primaryimage\",\"url\":\"\",\"contentUrl\":\"\"},{\"@type\":\"BreadcrumbList\",\"@id\":\"https:\/\/guatemalacvb.com\/event\/ii-congreso-ambiental\/#breadcrumb\",\"itemListElement\":[{\"@type\":\"ListItem\",\"position\":1,\"name\":\"Portada\",\"item\":\"https:\/\/guatemalacvb.com\/en\/\"},{\"@type\":\"ListItem\",\"position\":2,\"name\":\"Events\",\"item\":\"https:\/\/guatemalacvb.com\/en\/events\/\"},{\"@type\":\"ListItem\",\"position\":3,\"name\":\"II Congreso Ambiental\"}]},{\"@type\":\"WebSite\",\"@id\":\"https:\/\/guatemalacvb.com\/#website\",\"url\":\"https:\/\/guatemalacvb.com\/\",\"name\":\"Bur\u00f3 de Convenciones de Guatemala\",\"description\":\"Destino de clase mundial para eventos\",\"publisher\":{\"@id\":\"https:\/\/guatemalacvb.com\/#organization\"},\"potentialAction\":[{\"@type\":\"SearchAction\",\"target\":{\"@type\":\"EntryPoint\",\"urlTemplate\":\"https:\/\/guatemalacvb.com\/?s={search_term_string}\"},\"query-input\":{\"@type\":\"PropertyValueSpecification\",\"valueRequired\":true,\"valueName\":\"search_term_string\"}}],\"inLanguage\":\"en-US\"},{\"@type\":\"Organization\",\"@id\":\"https:\/\/guatemalacvb.com\/#organization\",\"name\":\"Bur\u00f3 de Convenciones de Guatemala\",\"url\":\"https:\/\/guatemalacvb.com\/\",\"logo\":{\"@type\":\"ImageObject\",\"inLanguage\":\"en-US\",\"@id\":\"https:\/\/guatemalacvb.com\/#\/schema\/logo\/image\/\",\"url\":\"https:\/\/guatemalacvb.com\/wp-content\/uploads\/sites\/46\/2021\/09\/menu-logo-2.png\",\"contentUrl\":\"https:\/\/guatemalacvb.com\/wp-content\/uploads\/sites\/46\/2021\/09\/menu-logo-2.png\",\"width\":202,\"height\":96,\"caption\":\"Bur\u00f3 de Convenciones de Guatemala\"},\"image\":{\"@id\":\"https:\/\/guatemalacvb.com\/#\/schema\/logo\/image\/\"},\"sameAs\":[\"https:\/\/www.facebook.com\/BuroDeConvencionesGuatemala\/\",\"https:\/\/x.com\/guatemalacvb\",\"https:\/\/www.instagram.com\/burodeconvencionesdeguatemala\/\",\"https:\/\/www.linkedin.com\/in\/bur\u00f3-de-convenciones-de-guatemala-971526157\"]}]}<\/script>\n<!-- \/ Yoast SEO plugin. -->","yoast_head_json":{"title":"II Congreso Ambiental - Bur\u00f3 de Convenciones de Guatemala","robots":{"index":"index","follow":"follow","max-snippet":"max-snippet:-1","max-image-preview":"max-image-preview:large","max-video-preview":"max-video-preview:-1"},"canonical":"https:\/\/guatemalacvb.com\/event\/ii-congreso-ambiental\/","og_locale":"en_US","og_type":"article","og_title":"II Congreso Ambiental - Bur\u00f3 de Convenciones de Guatemala","og_description":"El II Congreso Ambiental de la Municipalidad de Guatemala, busca generar un espacio de socializaci\u00f3n y educaci\u00f3n en temas ambientales. El congreso se realizar\u00e1 del 21 al 25 de septiembre [&hellip;]","og_url":"https:\/\/guatemalacvb.com\/event\/ii-congreso-ambiental\/","og_site_name":"Bur\u00f3 de Convenciones de Guatemala","article_publisher":"https:\/\/www.facebook.com\/BuroDeConvencionesGuatemala\/","twitter_card":"summary_large_image","twitter_site":"@guatemalacvb","schema":{"@context":"https:\/\/schema.org","@graph":[{"@type":"WebPage","@id":"https:\/\/guatemalacvb.com\/event\/ii-congreso-ambiental\/","url":"https:\/\/guatemalacvb.com\/event\/ii-congreso-ambiental\/","name":"II Congreso Ambiental - Bur\u00f3 de Convenciones de Guatemala","isPartOf":{"@id":"https:\/\/guatemalacvb.com\/#website"},"primaryImageOfPage":{"@id":"https:\/\/guatemalacvb.com\/event\/ii-congreso-ambiental\/#primaryimage"},"image":{"@id":"https:\/\/guatemalacvb.com\/event\/ii-congreso-ambiental\/#primaryimage"},"thumbnailUrl":"","datePublished":"2020-09-06T14:34:52+00:00","breadcrumb":{"@id":"https:\/\/guatemalacvb.com\/event\/ii-congreso-ambiental\/#breadcrumb"},"inLanguage":"en-US","potentialAction":[{"@type":"ReadAction","target":["https:\/\/guatemalacvb.com\/event\/ii-congreso-ambiental\/"]}]},{"@type":"ImageObject","inLanguage":"en-US","@id":"https:\/\/guatemalacvb.com\/event\/ii-congreso-ambiental\/#primaryimage","url":"","contentUrl":""},{"@type":"BreadcrumbList","@id":"https:\/\/guatemalacvb.com\/event\/ii-congreso-ambiental\/#breadcrumb","itemListElement":[{"@type":"ListItem","position":1,"name":"Portada","item":"https:\/\/guatemalacvb.com\/en\/"},{"@type":"ListItem","position":2,"name":"Events","item":"https:\/\/guatemalacvb.com\/en\/events\/"},{"@type":"ListItem","position":3,"name":"II Congreso Ambiental"}]},{"@type":"WebSite","@id":"https:\/\/guatemalacvb.com\/#website","url":"https:\/\/guatemalacvb.com\/","name":"Bur\u00f3 de Convenciones de Guatemala","description":"Destino de clase mundial para eventos","publisher":{"@id":"https:\/\/guatemalacvb.com\/#organization"},"potentialAction":[{"@type":"SearchAction","target":{"@type":"EntryPoint","urlTemplate":"https:\/\/guatemalacvb.com\/?s={search_term_string}"},"query-input":{"@type":"PropertyValueSpecification","valueRequired":true,"valueName":"search_term_string"}}],"inLanguage":"en-US"},{"@type":"Organization","@id":"https:\/\/guatemalacvb.com\/#organization","name":"Bur\u00f3 de Convenciones de Guatemala","url":"https:\/\/guatemalacvb.com\/","logo":{"@type":"ImageObject","inLanguage":"en-US","@id":"https:\/\/guatemalacvb.com\/#\/schema\/logo\/image\/","url":"https:\/\/guatemalacvb.com\/wp-content\/uploads\/sites\/46\/2021\/09\/menu-logo-2.png","contentUrl":"https:\/\/guatemalacvb.com\/wp-content\/uploads\/sites\/46\/2021\/09\/menu-logo-2.png","width":202,"height":96,"caption":"Bur\u00f3 de Convenciones de Guatemala"},"image":{"@id":"https:\/\/guatemalacvb.com\/#\/schema\/logo\/image\/"},"sameAs":["https:\/\/www.facebook.com\/BuroDeConvencionesGuatemala\/","https:\/\/x.com\/guatemalacvb","https:\/\/www.instagram.com\/burodeconvencionesdeguatemala\/","https:\/\/www.linkedin.com\/in\/bur\u00f3-de-convenciones-de-guatemala-971526157"]}]}},"_links":{"self":[{"href":"https:\/\/guatemalacvb.com\/en\/wp-json\/wp\/v2\/tribe_events\/13500","targetHints":{"allow":["GET"]}}],"collection":[{"href":"https:\/\/guatemalacvb.com\/en\/wp-json\/wp\/v2\/tribe_events"}],"about":[{"href":"https:\/\/guatemalacvb.com\/en\/wp-json\/wp\/v2\/types\/tribe_events"}],"author":[{"embeddable":true,"href":"https:\/\/guatemalacvb.com\/en\/wp-json\/wp\/v2\/users\/17"}],"replies":[{"embeddable":true,"href":"https:\/\/guatemalacvb.com\/en\/wp-json\/wp\/v2\/comments?post=13500"}],"version-history":[{"count":0,"href":"https:\/\/guatemalacvb.com\/en\/wp-json\/wp\/v2\/tribe_events\/13500\/revisions"}],"wp:featuredmedia":[{"embeddable":true,"href":"https:\/\/guatemalacvb.com\/en\/wp-json\/"}],"wp:attachment":[{"href":"https:\/\/guatemalacvb.com\/en\/wp-json\/wp\/v2\/media?parent=13500"}],"wp:term":[{"taxonomy":"post_tag","embeddable":true,"href":"https:\/\/guatemalacvb.com\/en\/wp-json\/wp\/v2\/tags?post=13500"},{"taxonomy":"tribe_events_cat","embeddable":true,"href":"https:\/\/guatemalacvb.com\/en\/wp-json\/wp\/v2\/tribe_events_cat?post=13500"}],"curies":[{"name":"wp","href":"https:\/\/api.w.org\/{rel}","templated":true}]}}

<div data-removefontsize="true" data-originalcomputedfontsize="16">El II Congreso Ambiental de la Municipalidad de Guatemala, busca generar un espacio de socialización y educación en temas ambientales. El congreso se realizará del 21 al 25 de septiembre y las inscripciones están abiertas hasta el 15 septiembre. Para más información ingresa a <a href="https://educacionambiental.muniguate.com/?fbclid=IwAR2PUCDLdi8PiIFQo-H0G9Ycy6Jfj8VAJ0yrezgDq8Hp-iYkUOnHiG0CHMA" target="_blank" rel="nofollow noopener noreferrer" data-saferedirecturl="https://www.google.com/url?q=https://educacionambiental.muniguate.com/?fbclid%3DIwAR2PUCDLdi8PiIFQo-H0G9Ycy6Jfj8VAJ0yrezgDq8Hp-iYkUOnHiG0CHMA&amp;source=gmail&amp;ust=1599333430461000&amp;usg=AFQjCNFaY9TH9fG6nc0rQNCTdGOYzBma8w" data-originalfontsize="14px" data-originalcomputedfontsize="14">educacionambiental.muniguate.com</a></div>

<p>El II Congreso Ambiental de la Municipalidad de Guatemala, busca generar un espacio de socialización y educación en temas ambientales. El congreso se realizará del 21 al 25 de septiembre [&hellip;]</p>

<!-- This site is optimized with the Yoast SEO plugin v25.0 - https://yoast.com/wordpress/plugins/seo/ -->
<title>II Congreso Ambiental - Buró de Convenciones de Guatemala</title>
<meta name="robots" content="index, follow, max-snippet:-1, max-image-preview:large, max-video-preview:-1" />
<link rel="canonical" href="https://guatemalacvb.com/event/ii-congreso-ambiental/" />
<meta property="og:locale" content="en_US" />
<meta property="og:type" content="article" />
<meta property="og:title" content="II Congreso Ambiental - Buró de Convenciones de Guatemala" />
<meta property="og:description" content="El II Congreso Ambiental de la Municipalidad de Guatemala, busca generar un espacio de socialización y educación en temas ambientales. El congreso se realizará del 21 al 25 de septiembre [&hellip;]" />
<meta property="og:url" content="https://guatemalacvb.com/event/ii-congreso-ambiental/" />
<meta property="og:site_name" content="Buró de Convenciones de Guatemala" />
<meta property="article:publisher" content="https://www.facebook.com/BuroDeConvencionesGuatemala/" />
<meta name="twitter:card" content="summary_large_image" />
<meta name="twitter:site" content="@guatemalacvb" />
<script type="application/ld+json" class="yoast-schema-graph">{"@context":"https://schema.org","@graph":[{"@type":"WebPage","@id":"https://guatemalacvb.com/event/ii-congreso-ambiental/","url":"https://guatemalacvb.com/event/ii-congreso-ambiental/","name":"II Congreso Ambiental - Buró de Convenciones de Guatemala","isPartOf":{"@id":"https://guatemalacvb.com/#website"},"primaryImageOfPage":{"@id":"https://guatemalacvb.com/event/ii-congreso-ambiental/#primaryimage"},"image":{"@id":"https://guatemalacvb.com/event/ii-congreso-ambiental/#primaryimage"},"thumbnailUrl":"","datePublished":"2020-09-06T14:34:52+00:00","breadcrumb":{"@id":"https://guatemalacvb.com/event/ii-congreso-ambiental/#breadcrumb"},"inLanguage":"en-US","potentialAction":[{"@type":"ReadAction","target":["https://guatemalacvb.com/event/ii-congreso-ambiental/"]}]},{"@type":"ImageObject","inLanguage":"en-US","@id":"https://guatemalacvb.com/event/ii-congreso-ambiental/#primaryimage","url":"","contentUrl":""},{"@type":"BreadcrumbList","@id":"https://guatemalacvb.com/event/ii-congreso-ambiental/#breadcrumb","itemListElement":[{"@type":"ListItem","position":1,"name":"Portada","item":"https://guatemalacvb.com/en/"},{"@type":"ListItem","position":2,"name":"Events","item":"https://guatemalacvb.com/en/events/"},{"@type":"ListItem","position":3,"name":"II Congreso Ambiental"}]},{"@type":"WebSite","@id":"https://guatemalacvb.com/#website","url":"https://guatemalacvb.com/","name":"Buró de Convenciones de Guatemala","description":"Destino de clase mundial para eventos","publisher":{"@id":"https://guatemalacvb.com/#organization"},"potentialAction":[{"@type":"SearchAction","target":{"@type":"EntryPoint","urlTemplate":"https://guatemalacvb.com/?s={search_term_string}"},"query-input":{"@type":"PropertyValueSpecification","valueRequired":true,"valueName":"search_term_string"}}],"inLanguage":"en-US"},{"@type":"Organization","@id":"https://guatemalacvb.com/#organization","name":"Buró de Convenciones de Guatemala","url":"https://guatemalacvb.com/","logo":{"@type":"ImageObject","inLanguage":"en-US","@id":"https://guatemalacvb.com/#/schema/logo/image/","url":"https://guatemalacvb.com/wp-content/uploads/sites/46/2021/09/menu-logo-2.png","contentUrl":"https://guatemalacvb.com/wp-content/uploads/sites/46/2021/09/menu-logo-2.png","width":202,"height":96,"caption":"Buró de Convenciones de Guatemala"},"image":{"@id":"https://guatemalacvb.com/#/schema/logo/image/"},"sameAs":["https://www.facebook.com/BuroDeConvencionesGuatemala/","https://x.com/guatemalacvb","https://www.instagram.com/burodeconvencionesdeguatemala/","https://www.linkedin.com/in/buró-de-convenciones-de-guatemala-971526157"]}]}</script>
<!-- / Yoast SEO plugin. -->

II Congreso Ambiental - Buró de Convenciones de Guatemala

El II Congreso Ambiental de la Municipalidad de Guatemala, busca generar un espacio de socialización y educación en temas ambientales. El congreso se realizará del 21 al 25 de septiembre [&hellip;]

Buró de Convenciones de Guatemala

https://www.linkedin.com/in/buró-de-convenciones-de-guatemala-971526157
