{"id":13501,"date":"2020-09-07T12:22:36","date_gmt":"2020-09-07T18:22:36","guid":{"rendered":"https:\/\/guatemalacvb.com\/?post_type=tribe_events&amp;p=9634"},"modified":"2020-09-07T12:22:36","modified_gmt":"2020-09-07T18:22:36","slug":"ix-conferencia-internacional-de-educacion-digital-2020","status":"publish","type":"tribe_events","link":"https:\/\/guatemalacvb.com\/en\/event\/ix-conferencia-internacional-de-educacion-digital-2020\/","title":{"rendered":"IX Conferencia Internacional de Educaci\u00f3n Digital 2020"},"content":{"rendered":"<p>El 01 y 02 de octubre se realizar\u00e1 la IX Conferencia Internacional de Educaci\u00f3n Digital 2020, organizada por la Universidad Galileo. \u00bfQu\u00e9 podr\u00e1s encontrar en esta conferencia? Conferencistas Magistrales, talleres de discusi\u00f3n, m\u00e1s de 20 conferencias de diferentes Universidades de Iberoam\u00e9rica, talleres, espacios de convergencia, entre otros. Para obtener m\u00e1s informaci\u00f3n y registrarte ingresa a\u00a0<a href=\"https:\/\/www.galileo.edu\/conferencia-internacional-de-educacion-digital-2020\/\" target=\"_blank\" rel=\"noopener noreferrer\" data-saferedirecturl=\"https:\/\/www.google.com\/url?q=https:\/\/www.galileo.edu\/conferencia-internacional-de-educacion-digital-2020\/&amp;source=gmail&amp;ust=1599588984431000&amp;usg=AFQjCNGUD0CX669P0g86a-5-ON7_GwjUdw\">https:\/\/www.galileo.edu\/conferencia-internacional-de-educacion-digital-2020\/<\/a><\/p>\n","protected":false},"excerpt":{"rendered":"<p>El 01 y 02 de octubre se realizar\u00e1 la IX Conferencia Internacional de Educaci\u00f3n Digital 2020, organizada por la Universidad Galileo. \u00bfQu\u00e9 podr\u00e1s encontrar en esta conferencia? Conferencistas Magistrales, talleres [&hellip;]<\/p>\n","protected":false},"author":17,"featured_media":9635,"comment_status":"open","ping_status":"closed","template":"","meta":{"_et_pb_use_builder":"","_et_pb_old_content":"","_et_gb_content_width":"","_tribe_events_status":"","_tribe_events_status_reason":"","footnotes":""},"tags":[],"tribe_events_cat":[],"class_list":["post-13501","tribe_events","type-tribe_events","status-publish","has-post-thumbnail","hentry"],"yoast_head":"<!-- This site is optimized with the Yoast SEO plugin v25.0 - https:\/\/yoast.com\/wordpress\/plugins\/seo\/ -->\n<title>IX Conferencia Internacional de Educaci\u00f3n Digital 2020 - Bur\u00f3 de Convenciones de Guatemala<\/title>\n<meta name=\"robots\" content=\"index, follow, max-snippet:-1, max-image-preview:large, max-video-preview:-1\" \/>\n<link rel=\"canonical\" href=\"https:\/\/guatemalacvb.com\/event\/ix-conferencia-internacional-de-educacion-digital-2020\/\" \/>\n<meta property=\"og:locale\" content=\"en_US\" \/>\n<meta property=\"og:type\" content=\"article\" \/>\n<meta property=\"og:title\" content=\"IX Conferencia Internacional de Educaci\u00f3n Digital 2020 - Bur\u00f3 de Convenciones de Guatemala\" \/>\n<meta property=\"og:description\" content=\"El 01 y 02 de octubre se realizar\u00e1 la IX Conferencia Internacional de Educaci\u00f3n Digital 2020, organizada por la Universidad Galileo. \u00bfQu\u00e9 podr\u00e1s encontrar en esta conferencia? Conferencistas Magistrales, talleres [&hellip;]\" \/>\n<meta property=\"og:url\" content=\"https:\/\/guatemalacvb.com\/event\/ix-conferencia-internacional-de-educacion-digital-2020\/\" \/>\n<meta property=\"og:site_name\" content=\"Bur\u00f3 de Convenciones de Guatemala\" \/>\n<meta property=\"article:publisher\" content=\"https:\/\/www.facebook.com\/BuroDeConvencionesGuatemala\/\" \/>\n<meta name=\"twitter:card\" content=\"summary_large_image\" \/>\n<meta name=\"twitter:site\" content=\"@guatemalacvb\" \/>\n<script type=\"application\/ld+json\" class=\"yoast-schema-graph\">{\"@context\":\"https:\/\/schema.org\",\"@graph\":[{\"@type\":\"WebPage\",\"@id\":\"https:\/\/guatemalacvb.com\/event\/ix-conferencia-internacional-de-educacion-digital-2020\/\",\"url\":\"https:\/\/guatemalacvb.com\/event\/ix-conferencia-internacional-de-educacion-digital-2020\/\",\"name\":\"IX Conferencia Internacional de Educaci\u00f3n Digital 2020 - Bur\u00f3 de Convenciones de Guatemala\",\"isPartOf\":{\"@id\":\"https:\/\/guatemalacvb.com\/#website\"},\"primaryImageOfPage\":{\"@id\":\"https:\/\/guatemalacvb.com\/event\/ix-conferencia-internacional-de-educacion-digital-2020\/#primaryimage\"},\"image\":{\"@id\":\"https:\/\/guatemalacvb.com\/event\/ix-conferencia-internacional-de-educacion-digital-2020\/#primaryimage\"},\"thumbnailUrl\":\"\",\"datePublished\":\"2020-09-07T18:22:36+00:00\",\"breadcrumb\":{\"@id\":\"https:\/\/guatemalacvb.com\/event\/ix-conferencia-internacional-de-educacion-digital-2020\/#breadcrumb\"},\"inLanguage\":\"en-US\",\"potentialAction\":[{\"@type\":\"ReadAction\",\"target\":[\"https:\/\/guatemalacvb.com\/event\/ix-conferencia-internacional-de-educacion-digital-2020\/\"]}]},{\"@type\":\"ImageObject\",\"inLanguage\":\"en-US\",\"@id\":\"https:\/\/guatemalacvb.com\/event\/ix-conferencia-internacional-de-educacion-digital-2020\/#primaryimage\",\"url\":\"\",\"contentUrl\":\"\"},{\"@type\":\"BreadcrumbList\",\"@id\":\"https:\/\/guatemalacvb.com\/event\/ix-conferencia-internacional-de-educacion-digital-2020\/#breadcrumb\",\"itemListElement\":[{\"@type\":\"ListItem\",\"position\":1,\"name\":\"Portada\",\"item\":\"https:\/\/guatemalacvb.com\/en\/\"},{\"@type\":\"ListItem\",\"position\":2,\"name\":\"Events\",\"item\":\"https:\/\/guatemalacvb.com\/en\/events\/\"},{\"@type\":\"ListItem\",\"position\":3,\"name\":\"IX Conferencia Internacional de Educaci\u00f3n Digital 2020\"}]},{\"@type\":\"WebSite\",\"@id\":\"https:\/\/guatemalacvb.com\/#website\",\"url\":\"https:\/\/guatemalacvb.com\/\",\"name\":\"Bur\u00f3 de Convenciones de Guatemala\",\"description\":\"Destino de clase mundial para eventos\",\"publisher\":{\"@id\":\"https:\/\/guatemalacvb.com\/#organization\"},\"potentialAction\":[{\"@type\":\"SearchAction\",\"target\":{\"@type\":\"EntryPoint\",\"urlTemplate\":\"https:\/\/guatemalacvb.com\/?s={search_term_string}\"},\"query-input\":{\"@type\":\"PropertyValueSpecification\",\"valueRequired\":true,\"valueName\":\"search_term_string\"}}],\"inLanguage\":\"en-US\"},{\"@type\":\"Organization\",\"@id\":\"https:\/\/guatemalacvb.com\/#organization\",\"name\":\"Bur\u00f3 de Convenciones de Guatemala\",\"url\":\"https:\/\/guatemalacvb.com\/\",\"logo\":{\"@type\":\"ImageObject\",\"inLanguage\":\"en-US\",\"@id\":\"https:\/\/guatemalacvb.com\/#\/schema\/logo\/image\/\",\"url\":\"https:\/\/guatemalacvb.com\/wp-content\/uploads\/sites\/46\/2021\/09\/menu-logo-2.png\",\"contentUrl\":\"https:\/\/guatemalacvb.com\/wp-content\/uploads\/sites\/46\/2021\/09\/menu-logo-2.png\",\"width\":202,\"height\":96,\"caption\":\"Bur\u00f3 de Convenciones de Guatemala\"},\"image\":{\"@id\":\"https:\/\/guatemalacvb.com\/#\/schema\/logo\/image\/\"},\"sameAs\":[\"https:\/\/www.facebook.com\/BuroDeConvencionesGuatemala\/\",\"https:\/\/x.com\/guatemalacvb\",\"https:\/\/www.instagram.com\/burodeconvencionesdeguatemala\/\",\"https:\/\/www.linkedin.com\/in\/bur\u00f3-de-convenciones-de-guatemala-971526157\"]}]}<\/script>\n<!-- \/ Yoast SEO plugin. -->","yoast_head_json":{"title":"IX Conferencia Internacional de Educaci\u00f3n Digital 2020 - Bur\u00f3 de Convenciones de Guatemala","robots":{"index":"index","follow":"follow","max-snippet":"max-snippet:-1","max-image-preview":"max-image-preview:large","max-video-preview":"max-video-preview:-1"},"canonical":"https:\/\/guatemalacvb.com\/event\/ix-conferencia-internacional-de-educacion-digital-2020\/","og_locale":"en_US","og_type":"article","og_title":"IX Conferencia Internacional de Educaci\u00f3n Digital 2020 - Bur\u00f3 de Convenciones de Guatemala","og_description":"El 01 y 02 de octubre se realizar\u00e1 la IX Conferencia Internacional de Educaci\u00f3n Digital 2020, organizada por la Universidad Galileo. \u00bfQu\u00e9 podr\u00e1s encontrar en esta conferencia? Conferencistas Magistrales, talleres [&hellip;]","og_url":"https:\/\/guatemalacvb.com\/event\/ix-conferencia-internacional-de-educacion-digital-2020\/","og_site_name":"Bur\u00f3 de Convenciones de Guatemala","article_publisher":"https:\/\/www.facebook.com\/BuroDeConvencionesGuatemala\/","twitter_card":"summary_large_image","twitter_site":"@guatemalacvb","schema":{"@context":"https:\/\/schema.org","@graph":[{"@type":"WebPage","@id":"https:\/\/guatemalacvb.com\/event\/ix-conferencia-internacional-de-educacion-digital-2020\/","url":"https:\/\/guatemalacvb.com\/event\/ix-conferencia-internacional-de-educacion-digital-2020\/","name":"IX Conferencia Internacional de Educaci\u00f3n Digital 2020 - Bur\u00f3 de Convenciones de Guatemala","isPartOf":{"@id":"https:\/\/guatemalacvb.com\/#website"},"primaryImageOfPage":{"@id":"https:\/\/guatemalacvb.com\/event\/ix-conferencia-internacional-de-educacion-digital-2020\/#primaryimage"},"image":{"@id":"https:\/\/guatemalacvb.com\/event\/ix-conferencia-internacional-de-educacion-digital-2020\/#primaryimage"},"thumbnailUrl":"","datePublished":"2020-09-07T18:22:36+00:00","breadcrumb":{"@id":"https:\/\/guatemalacvb.com\/event\/ix-conferencia-internacional-de-educacion-digital-2020\/#breadcrumb"},"inLanguage":"en-US","potentialAction":[{"@type":"ReadAction","target":["https:\/\/guatemalacvb.com\/event\/ix-conferencia-internacional-de-educacion-digital-2020\/"]}]},{"@type":"ImageObject","inLanguage":"en-US","@id":"https:\/\/guatemalacvb.com\/event\/ix-conferencia-internacional-de-educacion-digital-2020\/#primaryimage","url":"","contentUrl":""},{"@type":"BreadcrumbList","@id":"https:\/\/guatemalacvb.com\/event\/ix-conferencia-internacional-de-educacion-digital-2020\/#breadcrumb","itemListElement":[{"@type":"ListItem","position":1,"name":"Portada","item":"https:\/\/guatemalacvb.com\/en\/"},{"@type":"ListItem","position":2,"name":"Events","item":"https:\/\/guatemalacvb.com\/en\/events\/"},{"@type":"ListItem","position":3,"name":"IX Conferencia Internacional de Educaci\u00f3n Digital 2020"}]},{"@type":"WebSite","@id":"https:\/\/guatemalacvb.com\/#website","url":"https:\/\/guatemalacvb.com\/","name":"Bur\u00f3 de Convenciones de Guatemala","description":"Destino de clase mundial para eventos","publisher":{"@id":"https:\/\/guatemalacvb.com\/#organization"},"potentialAction":[{"@type":"SearchAction","target":{"@type":"EntryPoint","urlTemplate":"https:\/\/guatemalacvb.com\/?s={search_term_string}"},"query-input":{"@type":"PropertyValueSpecification","valueRequired":true,"valueName":"search_term_string"}}],"inLanguage":"en-US"},{"@type":"Organization","@id":"https:\/\/guatemalacvb.com\/#organization","name":"Bur\u00f3 de Convenciones de Guatemala","url":"https:\/\/guatemalacvb.com\/","logo":{"@type":"ImageObject","inLanguage":"en-US","@id":"https:\/\/guatemalacvb.com\/#\/schema\/logo\/image\/","url":"https:\/\/guatemalacvb.com\/wp-content\/uploads\/sites\/46\/2021\/09\/menu-logo-2.png","contentUrl":"https:\/\/guatemalacvb.com\/wp-content\/uploads\/sites\/46\/2021\/09\/menu-logo-2.png","width":202,"height":96,"caption":"Bur\u00f3 de Convenciones de Guatemala"},"image":{"@id":"https:\/\/guatemalacvb.com\/#\/schema\/logo\/image\/"},"sameAs":["https:\/\/www.facebook.com\/BuroDeConvencionesGuatemala\/","https:\/\/x.com\/guatemalacvb","https:\/\/www.instagram.com\/burodeconvencionesdeguatemala\/","https:\/\/www.linkedin.com\/in\/bur\u00f3-de-convenciones-de-guatemala-971526157"]}]}},"_links":{"self":[{"href":"https:\/\/guatemalacvb.com\/en\/wp-json\/wp\/v2\/tribe_events\/13501","targetHints":{"allow":["GET"]}}],"collection":[{"href":"https:\/\/guatemalacvb.com\/en\/wp-json\/wp\/v2\/tribe_events"}],"about":[{"href":"https:\/\/guatemalacvb.com\/en\/wp-json\/wp\/v2\/types\/tribe_events"}],"author":[{"embeddable":true,"href":"https:\/\/guatemalacvb.com\/en\/wp-json\/wp\/v2\/users\/17"}],"replies":[{"embeddable":true,"href":"https:\/\/guatemalacvb.com\/en\/wp-json\/wp\/v2\/comments?post=13501"}],"version-history":[{"count":0,"href":"https:\/\/guatemalacvb.com\/en\/wp-json\/wp\/v2\/tribe_events\/13501\/revisions"}],"wp:featuredmedia":[{"embeddable":true,"href":"https:\/\/guatemalacvb.com\/en\/wp-json\/"}],"wp:attachment":[{"href":"https:\/\/guatemalacvb.com\/en\/wp-json\/wp\/v2\/media?parent=13501"}],"wp:term":[{"taxonomy":"post_tag","embeddable":true,"href":"https:\/\/guatemalacvb.com\/en\/wp-json\/wp\/v2\/tags?post=13501"},{"taxonomy":"tribe_events_cat","embeddable":true,"href":"https:\/\/guatemalacvb.com\/en\/wp-json\/wp\/v2\/tribe_events_cat?post=13501"}],"curies":[{"name":"wp","href":"https:\/\/api.w.org\/{rel}","templated":true}]}}

IX Conferencia Internacional de Educación Digital 2020

<p>El 01 y 02 de octubre se realizará la IX Conferencia Internacional de Educación Digital 2020, organizada por la Universidad Galileo. ¿Qué podrás encontrar en esta conferencia? Conferencistas Magistrales, talleres de discusión, más de 20 conferencias de diferentes Universidades de Iberoamérica, talleres, espacios de convergencia, entre otros. Para obtener más información y registrarte ingresa a <a href="https://www.galileo.edu/conferencia-internacional-de-educacion-digital-2020/" target="_blank" rel="noopener noreferrer" data-saferedirecturl="https://www.google.com/url?q=https://www.galileo.edu/conferencia-internacional-de-educacion-digital-2020/&amp;source=gmail&amp;ust=1599588984431000&amp;usg=AFQjCNGUD0CX669P0g86a-5-ON7_GwjUdw">https://www.galileo.edu/conferencia-internacional-de-educacion-digital-2020/</a></p>

<p>El 01 y 02 de octubre se realizará la IX Conferencia Internacional de Educación Digital 2020, organizada por la Universidad Galileo. ¿Qué podrás encontrar en esta conferencia? Conferencistas Magistrales, talleres [&hellip;]</p>

<!-- This site is optimized with the Yoast SEO plugin v25.0 - https://yoast.com/wordpress/plugins/seo/ -->
<title>IX Conferencia Internacional de Educación Digital 2020 - Buró de Convenciones de Guatemala</title>
<meta name="robots" content="index, follow, max-snippet:-1, max-image-preview:large, max-video-preview:-1" />
<link rel="canonical" href="https://guatemalacvb.com/event/ix-conferencia-internacional-de-educacion-digital-2020/" />
<meta property="og:locale" content="en_US" />
<meta property="og:type" content="article" />
<meta property="og:title" content="IX Conferencia Internacional de Educación Digital 2020 - Buró de Convenciones de Guatemala" />
<meta property="og:description" content="El 01 y 02 de octubre se realizará la IX Conferencia Internacional de Educación Digital 2020, organizada por la Universidad Galileo. ¿Qué podrás encontrar en esta conferencia? Conferencistas Magistrales, talleres [&hellip;]" />
<meta property="og:url" content="https://guatemalacvb.com/event/ix-conferencia-internacional-de-educacion-digital-2020/" />
<meta property="og:site_name" content="Buró de Convenciones de Guatemala" />
<meta property="article:publisher" content="https://www.facebook.com/BuroDeConvencionesGuatemala/" />
<meta name="twitter:card" content="summary_large_image" />
<meta name="twitter:site" content="@guatemalacvb" />
<script type="application/ld+json" class="yoast-schema-graph">{"@context":"https://schema.org","@graph":[{"@type":"WebPage","@id":"https://guatemalacvb.com/event/ix-conferencia-internacional-de-educacion-digital-2020/","url":"https://guatemalacvb.com/event/ix-conferencia-internacional-de-educacion-digital-2020/","name":"IX Conferencia Internacional de Educación Digital 2020 - Buró de Convenciones de Guatemala","isPartOf":{"@id":"https://guatemalacvb.com/#website"},"primaryImageOfPage":{"@id":"https://guatemalacvb.com/event/ix-conferencia-internacional-de-educacion-digital-2020/#primaryimage"},"image":{"@id":"https://guatemalacvb.com/event/ix-conferencia-internacional-de-educacion-digital-2020/#primaryimage"},"thumbnailUrl":"","datePublished":"2020-09-07T18:22:36+00:00","breadcrumb":{"@id":"https://guatemalacvb.com/event/ix-conferencia-internacional-de-educacion-digital-2020/#breadcrumb"},"inLanguage":"en-US","potentialAction":[{"@type":"ReadAction","target":["https://guatemalacvb.com/event/ix-conferencia-internacional-de-educacion-digital-2020/"]}]},{"@type":"ImageObject","inLanguage":"en-US","@id":"https://guatemalacvb.com/event/ix-conferencia-internacional-de-educacion-digital-2020/#primaryimage","url":"","contentUrl":""},{"@type":"BreadcrumbList","@id":"https://guatemalacvb.com/event/ix-conferencia-internacional-de-educacion-digital-2020/#breadcrumb","itemListElement":[{"@type":"ListItem","position":1,"name":"Portada","item":"https://guatemalacvb.com/en/"},{"@type":"ListItem","position":2,"name":"Events","item":"https://guatemalacvb.com/en/events/"},{"@type":"ListItem","position":3,"name":"IX Conferencia Internacional de Educación Digital 2020"}]},{"@type":"WebSite","@id":"https://guatemalacvb.com/#website","url":"https://guatemalacvb.com/","name":"Buró de Convenciones de Guatemala","description":"Destino de clase mundial para eventos","publisher":{"@id":"https://guatemalacvb.com/#organization"},"potentialAction":[{"@type":"SearchAction","target":{"@type":"EntryPoint","urlTemplate":"https://guatemalacvb.com/?s={search_term_string}"},"query-input":{"@type":"PropertyValueSpecification","valueRequired":true,"valueName":"search_term_string"}}],"inLanguage":"en-US"},{"@type":"Organization","@id":"https://guatemalacvb.com/#organization","name":"Buró de Convenciones de Guatemala","url":"https://guatemalacvb.com/","logo":{"@type":"ImageObject","inLanguage":"en-US","@id":"https://guatemalacvb.com/#/schema/logo/image/","url":"https://guatemalacvb.com/wp-content/uploads/sites/46/2021/09/menu-logo-2.png","contentUrl":"https://guatemalacvb.com/wp-content/uploads/sites/46/2021/09/menu-logo-2.png","width":202,"height":96,"caption":"Buró de Convenciones de Guatemala"},"image":{"@id":"https://guatemalacvb.com/#/schema/logo/image/"},"sameAs":["https://www.facebook.com/BuroDeConvencionesGuatemala/","https://x.com/guatemalacvb","https://www.instagram.com/burodeconvencionesdeguatemala/","https://www.linkedin.com/in/buró-de-convenciones-de-guatemala-971526157"]}]}</script>
<!-- / Yoast SEO plugin. -->

IX Conferencia Internacional de Educación Digital 2020 - Buró de Convenciones de Guatemala

El 01 y 02 de octubre se realizará la IX Conferencia Internacional de Educación Digital 2020, organizada por la Universidad Galileo. ¿Qué podrás encontrar en esta conferencia? Conferencistas Magistrales, talleres [&hellip;]

Buró de Convenciones de Guatemala

https://www.linkedin.com/in/buró-de-convenciones-de-guatemala-971526157
