{"id":16176,"date":"2022-05-25T17:13:17","date_gmt":"2022-05-25T17:13:17","guid":{"rendered":"https:\/\/guatemalacvb.com\/?post_type=tribe_events&#038;p=16176"},"modified":"2022-05-25T17:13:17","modified_gmt":"2022-05-25T17:13:17","slug":"webinar-programa-mipyme","status":"publish","type":"tribe_events","link":"https:\/\/guatemalacvb.com\/en\/event\/webinar-programa-mipyme\/","title":{"rendered":"Webinar Programa MIPYME"},"content":{"rendered":"<div>Bur\u00f3 de Convenciones de Guatemala y el Ministerio de Econom\u00eda te invitan a participar en el webinar &#8220;Mi empresa como proveedora del estado&#8221;.<\/div>\n<div>Impartido por el Lic. Bonnied Arenales, experto en compras p\u00fablicas y consultor del Proyecto Creando Oportunidades Econ\u00f3micas USAID.<\/div>\n<div><\/div>\n<div>Mi\u00e9rcoles 6 de julio<\/div>\n<div>A partir de las 8:30 horas.<\/div>\n<div>Ingresa a este link para realizar el pre-registro\u00a0<a href=\"https:\/\/forms.gle\/ApviszzNU8F1N4ov6\" target=\"_blank\" rel=\"noopener\" data-saferedirecturl=\"https:\/\/www.google.com\/url?q=https:\/\/forms.gle\/ApviszzNU8F1N4ov6&amp;source=gmail&amp;ust=1653584891998000&amp;usg=AOvVaw1_qAUXTnHB0diFIOZiLrAe\">https:\/\/forms.<wbr \/>gle\/ApviszzNU8F1N4ov6<\/a><\/div>\n<div>\n<div dir=\"ltr\" data-smartmail=\"gmail_signature\">\n<div dir=\"ltr\">\n<div dir=\"ltr\">\n<div dir=\"ltr\">\n<div dir=\"ltr\">\n<div dir=\"ltr\">\n<div dir=\"ltr\">\n<div dir=\"ltr\">\n<div dir=\"ltr\">\n<div dir=\"ltr\">\n<div dir=\"ltr\">\n<div dir=\"ltr\">\n<div dir=\"ltr\">\n<div dir=\"ltr\">\n<div dir=\"ltr\">\n<div dir=\"ltr\">\n<div dir=\"ltr\">\n<div dir=\"ltr\">\n<div dir=\"ltr\">\n<div dir=\"ltr\">\n<div dir=\"ltr\">\n<div><\/div>\n<div>\n<div>#IndustriaDeReuniones #MeetingsGuatemala<\/div>\n<div>#Guatemala #EventosGuatemala<\/div>\n<\/div>\n<\/div>\n<\/div>\n<\/div>\n<\/div>\n<\/div>\n<\/div>\n<\/div>\n<\/div>\n<\/div>\n<\/div>\n<\/div>\n<\/div>\n<\/div>\n<\/div>\n<\/div>\n<\/div>\n<\/div>\n<\/div>\n<\/div>\n<\/div>\n<\/div>\n<\/div>\n","protected":false},"excerpt":{"rendered":"<p>Bur\u00f3 de Convenciones de Guatemala y el Ministerio de Econom\u00eda te invitan a participar en el webinar &#8220;Mi empresa como proveedora del estado&#8221;.<br \/>\nImpartido por el Lic. Bonnied Arenales, experto en compras p\u00fablicas y consultor del Proyecto Creando Oportunidades Econ\u00f3micas USAID.<\/p>\n","protected":false},"author":3,"featured_media":16177,"comment_status":"open","ping_status":"closed","template":"","meta":{"_et_pb_use_builder":"","_et_pb_old_content":"","_et_gb_content_width":"","_tribe_events_status":"","_tribe_events_status_reason":"","footnotes":""},"tags":[],"tribe_events_cat":[],"class_list":["post-16176","tribe_events","type-tribe_events","status-publish","has-post-thumbnail","hentry"],"yoast_head":"<!-- This site is optimized with the Yoast SEO plugin v25.0 - https:\/\/yoast.com\/wordpress\/plugins\/seo\/ -->\n<title>Webinar Programa MIPYME - Bur\u00f3 de Convenciones de Guatemala<\/title>\n<meta name=\"robots\" content=\"index, follow, max-snippet:-1, max-image-preview:large, max-video-preview:-1\" \/>\n<link rel=\"canonical\" href=\"https:\/\/guatemalacvb.com\/en\/event\/webinar-programa-mipyme\/\" \/>\n<meta property=\"og:locale\" content=\"en_US\" \/>\n<meta property=\"og:type\" content=\"article\" \/>\n<meta property=\"og:title\" content=\"Webinar Programa MIPYME - Bur\u00f3 de Convenciones de Guatemala\" \/>\n<meta property=\"og:description\" content=\"Bur\u00f3 de Convenciones de Guatemala y el Ministerio de Econom\u00eda te invitan a participar en el webinar &quot;Mi empresa como proveedora del estado&quot;. Impartido por el Lic. Bonnied Arenales, experto en compras p\u00fablicas y consultor del Proyecto Creando Oportunidades Econ\u00f3micas USAID.\" \/>\n<meta property=\"og:url\" content=\"https:\/\/guatemalacvb.com\/en\/event\/webinar-programa-mipyme\/\" \/>\n<meta property=\"og:site_name\" content=\"Bur\u00f3 de Convenciones de Guatemala\" \/>\n<meta property=\"article:publisher\" content=\"https:\/\/www.facebook.com\/BuroDeConvencionesGuatemala\/\" \/>\n<meta property=\"og:image\" content=\"https:\/\/guatemalacvb.com\/wp-content\/uploads\/sites\/46\/2022\/05\/Webinar-empresa-proveedora.jpg\" \/>\n\t<meta property=\"og:image:width\" content=\"2551\" \/>\n\t<meta property=\"og:image:height\" content=\"2520\" \/>\n\t<meta property=\"og:image:type\" content=\"image\/jpeg\" \/>\n<meta name=\"twitter:card\" content=\"summary_large_image\" \/>\n<meta name=\"twitter:site\" content=\"@guatemalacvb\" \/>\n<script type=\"application\/ld+json\" class=\"yoast-schema-graph\">{\"@context\":\"https:\/\/schema.org\",\"@graph\":[{\"@type\":\"WebPage\",\"@id\":\"https:\/\/guatemalacvb.com\/en\/event\/webinar-programa-mipyme\/\",\"url\":\"https:\/\/guatemalacvb.com\/en\/event\/webinar-programa-mipyme\/\",\"name\":\"Webinar Programa MIPYME - Bur\u00f3 de Convenciones de Guatemala\",\"isPartOf\":{\"@id\":\"https:\/\/guatemalacvb.com\/#website\"},\"primaryImageOfPage\":{\"@id\":\"https:\/\/guatemalacvb.com\/en\/event\/webinar-programa-mipyme\/#primaryimage\"},\"image\":{\"@id\":\"https:\/\/guatemalacvb.com\/en\/event\/webinar-programa-mipyme\/#primaryimage\"},\"thumbnailUrl\":\"https:\/\/guatemalacvb.com\/wp-content\/uploads\/sites\/46\/2022\/05\/Webinar-empresa-proveedora.jpg\",\"datePublished\":\"2022-05-25T17:13:17+00:00\",\"breadcrumb\":{\"@id\":\"https:\/\/guatemalacvb.com\/en\/event\/webinar-programa-mipyme\/#breadcrumb\"},\"inLanguage\":\"en-US\",\"potentialAction\":[{\"@type\":\"ReadAction\",\"target\":[\"https:\/\/guatemalacvb.com\/en\/event\/webinar-programa-mipyme\/\"]}]},{\"@type\":\"ImageObject\",\"inLanguage\":\"en-US\",\"@id\":\"https:\/\/guatemalacvb.com\/en\/event\/webinar-programa-mipyme\/#primaryimage\",\"url\":\"https:\/\/guatemalacvb.com\/wp-content\/uploads\/sites\/46\/2022\/05\/Webinar-empresa-proveedora.jpg\",\"contentUrl\":\"https:\/\/guatemalacvb.com\/wp-content\/uploads\/sites\/46\/2022\/05\/Webinar-empresa-proveedora.jpg\",\"width\":2551,\"height\":2520},{\"@type\":\"BreadcrumbList\",\"@id\":\"https:\/\/guatemalacvb.com\/en\/event\/webinar-programa-mipyme\/#breadcrumb\",\"itemListElement\":[{\"@type\":\"ListItem\",\"position\":1,\"name\":\"Portada\",\"item\":\"https:\/\/guatemalacvb.com\/en\/\"},{\"@type\":\"ListItem\",\"position\":2,\"name\":\"Events\",\"item\":\"https:\/\/guatemalacvb.com\/en\/events\/\"},{\"@type\":\"ListItem\",\"position\":3,\"name\":\"Webinar Programa MIPYME\"}]},{\"@type\":\"WebSite\",\"@id\":\"https:\/\/guatemalacvb.com\/#website\",\"url\":\"https:\/\/guatemalacvb.com\/\",\"name\":\"Bur\u00f3 de Convenciones de Guatemala\",\"description\":\"Destino de clase mundial para eventos\",\"publisher\":{\"@id\":\"https:\/\/guatemalacvb.com\/#organization\"},\"potentialAction\":[{\"@type\":\"SearchAction\",\"target\":{\"@type\":\"EntryPoint\",\"urlTemplate\":\"https:\/\/guatemalacvb.com\/?s={search_term_string}\"},\"query-input\":{\"@type\":\"PropertyValueSpecification\",\"valueRequired\":true,\"valueName\":\"search_term_string\"}}],\"inLanguage\":\"en-US\"},{\"@type\":\"Organization\",\"@id\":\"https:\/\/guatemalacvb.com\/#organization\",\"name\":\"Bur\u00f3 de Convenciones de Guatemala\",\"url\":\"https:\/\/guatemalacvb.com\/\",\"logo\":{\"@type\":\"ImageObject\",\"inLanguage\":\"en-US\",\"@id\":\"https:\/\/guatemalacvb.com\/#\/schema\/logo\/image\/\",\"url\":\"https:\/\/guatemalacvb.com\/wp-content\/uploads\/sites\/46\/2021\/09\/menu-logo-2.png\",\"contentUrl\":\"https:\/\/guatemalacvb.com\/wp-content\/uploads\/sites\/46\/2021\/09\/menu-logo-2.png\",\"width\":202,\"height\":96,\"caption\":\"Bur\u00f3 de Convenciones de Guatemala\"},\"image\":{\"@id\":\"https:\/\/guatemalacvb.com\/#\/schema\/logo\/image\/\"},\"sameAs\":[\"https:\/\/www.facebook.com\/BuroDeConvencionesGuatemala\/\",\"https:\/\/x.com\/guatemalacvb\",\"https:\/\/www.instagram.com\/burodeconvencionesdeguatemala\/\",\"https:\/\/www.linkedin.com\/in\/bur\u00f3-de-convenciones-de-guatemala-971526157\"]}]}<\/script>\n<!-- \/ Yoast SEO plugin. -->","yoast_head_json":{"title":"Webinar Programa MIPYME - Bur\u00f3 de Convenciones de Guatemala","robots":{"index":"index","follow":"follow","max-snippet":"max-snippet:-1","max-image-preview":"max-image-preview:large","max-video-preview":"max-video-preview:-1"},"canonical":"https:\/\/guatemalacvb.com\/en\/event\/webinar-programa-mipyme\/","og_locale":"en_US","og_type":"article","og_title":"Webinar Programa MIPYME - Bur\u00f3 de Convenciones de Guatemala","og_description":"Bur\u00f3 de Convenciones de Guatemala y el Ministerio de Econom\u00eda te invitan a participar en el webinar \"Mi empresa como proveedora del estado\". Impartido por el Lic. Bonnied Arenales, experto en compras p\u00fablicas y consultor del Proyecto Creando Oportunidades Econ\u00f3micas USAID.","og_url":"https:\/\/guatemalacvb.com\/en\/event\/webinar-programa-mipyme\/","og_site_name":"Bur\u00f3 de Convenciones de Guatemala","article_publisher":"https:\/\/www.facebook.com\/BuroDeConvencionesGuatemala\/","og_image":[{"width":2551,"height":2520,"url":"https:\/\/guatemalacvb.com\/wp-content\/uploads\/sites\/46\/2022\/05\/Webinar-empresa-proveedora.jpg","type":"image\/jpeg"}],"twitter_card":"summary_large_image","twitter_site":"@guatemalacvb","schema":{"@context":"https:\/\/schema.org","@graph":[{"@type":"WebPage","@id":"https:\/\/guatemalacvb.com\/en\/event\/webinar-programa-mipyme\/","url":"https:\/\/guatemalacvb.com\/en\/event\/webinar-programa-mipyme\/","name":"Webinar Programa MIPYME - Bur\u00f3 de Convenciones de Guatemala","isPartOf":{"@id":"https:\/\/guatemalacvb.com\/#website"},"primaryImageOfPage":{"@id":"https:\/\/guatemalacvb.com\/en\/event\/webinar-programa-mipyme\/#primaryimage"},"image":{"@id":"https:\/\/guatemalacvb.com\/en\/event\/webinar-programa-mipyme\/#primaryimage"},"thumbnailUrl":"https:\/\/guatemalacvb.com\/wp-content\/uploads\/sites\/46\/2022\/05\/Webinar-empresa-proveedora.jpg","datePublished":"2022-05-25T17:13:17+00:00","breadcrumb":{"@id":"https:\/\/guatemalacvb.com\/en\/event\/webinar-programa-mipyme\/#breadcrumb"},"inLanguage":"en-US","potentialAction":[{"@type":"ReadAction","target":["https:\/\/guatemalacvb.com\/en\/event\/webinar-programa-mipyme\/"]}]},{"@type":"ImageObject","inLanguage":"en-US","@id":"https:\/\/guatemalacvb.com\/en\/event\/webinar-programa-mipyme\/#primaryimage","url":"https:\/\/guatemalacvb.com\/wp-content\/uploads\/sites\/46\/2022\/05\/Webinar-empresa-proveedora.jpg","contentUrl":"https:\/\/guatemalacvb.com\/wp-content\/uploads\/sites\/46\/2022\/05\/Webinar-empresa-proveedora.jpg","width":2551,"height":2520},{"@type":"BreadcrumbList","@id":"https:\/\/guatemalacvb.com\/en\/event\/webinar-programa-mipyme\/#breadcrumb","itemListElement":[{"@type":"ListItem","position":1,"name":"Portada","item":"https:\/\/guatemalacvb.com\/en\/"},{"@type":"ListItem","position":2,"name":"Events","item":"https:\/\/guatemalacvb.com\/en\/events\/"},{"@type":"ListItem","position":3,"name":"Webinar Programa MIPYME"}]},{"@type":"WebSite","@id":"https:\/\/guatemalacvb.com\/#website","url":"https:\/\/guatemalacvb.com\/","name":"Bur\u00f3 de Convenciones de Guatemala","description":"Destino de clase mundial para eventos","publisher":{"@id":"https:\/\/guatemalacvb.com\/#organization"},"potentialAction":[{"@type":"SearchAction","target":{"@type":"EntryPoint","urlTemplate":"https:\/\/guatemalacvb.com\/?s={search_term_string}"},"query-input":{"@type":"PropertyValueSpecification","valueRequired":true,"valueName":"search_term_string"}}],"inLanguage":"en-US"},{"@type":"Organization","@id":"https:\/\/guatemalacvb.com\/#organization","name":"Bur\u00f3 de Convenciones de Guatemala","url":"https:\/\/guatemalacvb.com\/","logo":{"@type":"ImageObject","inLanguage":"en-US","@id":"https:\/\/guatemalacvb.com\/#\/schema\/logo\/image\/","url":"https:\/\/guatemalacvb.com\/wp-content\/uploads\/sites\/46\/2021\/09\/menu-logo-2.png","contentUrl":"https:\/\/guatemalacvb.com\/wp-content\/uploads\/sites\/46\/2021\/09\/menu-logo-2.png","width":202,"height":96,"caption":"Bur\u00f3 de Convenciones de Guatemala"},"image":{"@id":"https:\/\/guatemalacvb.com\/#\/schema\/logo\/image\/"},"sameAs":["https:\/\/www.facebook.com\/BuroDeConvencionesGuatemala\/","https:\/\/x.com\/guatemalacvb","https:\/\/www.instagram.com\/burodeconvencionesdeguatemala\/","https:\/\/www.linkedin.com\/in\/bur\u00f3-de-convenciones-de-guatemala-971526157"]}]}},"_links":{"self":[{"href":"https:\/\/guatemalacvb.com\/en\/wp-json\/wp\/v2\/tribe_events\/16176","targetHints":{"allow":["GET"]}}],"collection":[{"href":"https:\/\/guatemalacvb.com\/en\/wp-json\/wp\/v2\/tribe_events"}],"about":[{"href":"https:\/\/guatemalacvb.com\/en\/wp-json\/wp\/v2\/types\/tribe_events"}],"author":[{"embeddable":true,"href":"https:\/\/guatemalacvb.com\/en\/wp-json\/wp\/v2\/users\/3"}],"replies":[{"embeddable":true,"href":"https:\/\/guatemalacvb.com\/en\/wp-json\/wp\/v2\/comments?post=16176"}],"version-history":[{"count":0,"href":"https:\/\/guatemalacvb.com\/en\/wp-json\/wp\/v2\/tribe_events\/16176\/revisions"}],"wp:featuredmedia":[{"embeddable":true,"href":"https:\/\/guatemalacvb.com\/en\/wp-json\/wp\/v2\/media\/16177"}],"wp:attachment":[{"href":"https:\/\/guatemalacvb.com\/en\/wp-json\/wp\/v2\/media?parent=16176"}],"wp:term":[{"taxonomy":"post_tag","embeddable":true,"href":"https:\/\/guatemalacvb.com\/en\/wp-json\/wp\/v2\/tags?post=16176"},{"taxonomy":"tribe_events_cat","embeddable":true,"href":"https:\/\/guatemalacvb.com\/en\/wp-json\/wp\/v2\/tribe_events_cat?post=16176"}],"curies":[{"name":"wp","href":"https:\/\/api.w.org\/{rel}","templated":true}]}}

<div>Buró de Convenciones de Guatemala y el Ministerio de Economía te invitan a participar en el webinar &#8220;Mi empresa como proveedora del estado&#8221;.</div>
<div>Impartido por el Lic. Bonnied Arenales, experto en compras públicas y consultor del Proyecto Creando Oportunidades Económicas USAID.</div>
<div></div>
<div>Miércoles 6 de julio</div>
<div>A partir de las 8:30 horas.</div>
<div>Ingresa a este link para realizar el pre-registro <a href="https://forms.gle/ApviszzNU8F1N4ov6" target="_blank" rel="noopener" data-saferedirecturl="https://www.google.com/url?q=https://forms.gle/ApviszzNU8F1N4ov6&amp;source=gmail&amp;ust=1653584891998000&amp;usg=AOvVaw1_qAUXTnHB0diFIOZiLrAe">https://forms.<wbr />gle/ApviszzNU8F1N4ov6</a></div>
<div>
<div dir="ltr" data-smartmail="gmail_signature">
<div dir="ltr">
<div dir="ltr">
<div dir="ltr">
<div dir="ltr">
<div dir="ltr">
<div dir="ltr">
<div dir="ltr">
<div dir="ltr">
<div dir="ltr">
<div dir="ltr">
<div dir="ltr">
<div dir="ltr">
<div dir="ltr">
<div dir="ltr">
<div dir="ltr">
<div dir="ltr">
<div dir="ltr">
<div dir="ltr">
<div dir="ltr">
<div dir="ltr">
<div></div>
<div>
<div>#IndustriaDeReuniones #MeetingsGuatemala</div>
<div>#Guatemala #EventosGuatemala</div>
</div>
</div>
</div>
</div>
</div>
</div>
</div>
</div>
</div>
</div>
</div>
</div>
</div>
</div>
</div>
</div>
</div>
</div>
</div>
</div>
</div>
</div>
</div>

<p>Buró de Convenciones de Guatemala y el Ministerio de Economía te invitan a participar en el webinar &#8220;Mi empresa como proveedora del estado&#8221;.<br />
Impartido por el Lic. Bonnied Arenales, experto en compras públicas y consultor del Proyecto Creando Oportunidades Económicas USAID.</p>

<!-- This site is optimized with the Yoast SEO plugin v25.0 - https://yoast.com/wordpress/plugins/seo/ -->
<title>Webinar Programa MIPYME - Buró de Convenciones de Guatemala</title>
<meta name="robots" content="index, follow, max-snippet:-1, max-image-preview:large, max-video-preview:-1" />
<link rel="canonical" href="https://guatemalacvb.com/en/event/webinar-programa-mipyme/" />
<meta property="og:locale" content="en_US" />
<meta property="og:type" content="article" />
<meta property="og:title" content="Webinar Programa MIPYME - Buró de Convenciones de Guatemala" />
<meta property="og:description" content="Buró de Convenciones de Guatemala y el Ministerio de Economía te invitan a participar en el webinar &quot;Mi empresa como proveedora del estado&quot;. Impartido por el Lic. Bonnied Arenales, experto en compras públicas y consultor del Proyecto Creando Oportunidades Económicas USAID." />
<meta property="og:url" content="https://guatemalacvb.com/en/event/webinar-programa-mipyme/" />
<meta property="og:site_name" content="Buró de Convenciones de Guatemala" />
<meta property="article:publisher" content="https://www.facebook.com/BuroDeConvencionesGuatemala/" />
<meta property="og:image" content="https://guatemalacvb.com/wp-content/uploads/sites/46/2022/05/Webinar-empresa-proveedora.jpg" />
	<meta property="og:image:width" content="2551" />
	<meta property="og:image:height" content="2520" />
	<meta property="og:image:type" content="image/jpeg" />
<meta name="twitter:card" content="summary_large_image" />
<meta name="twitter:site" content="@guatemalacvb" />
<script type="application/ld+json" class="yoast-schema-graph">{"@context":"https://schema.org","@graph":[{"@type":"WebPage","@id":"https://guatemalacvb.com/en/event/webinar-programa-mipyme/","url":"https://guatemalacvb.com/en/event/webinar-programa-mipyme/","name":"Webinar Programa MIPYME - Buró de Convenciones de Guatemala","isPartOf":{"@id":"https://guatemalacvb.com/#website"},"primaryImageOfPage":{"@id":"https://guatemalacvb.com/en/event/webinar-programa-mipyme/#primaryimage"},"image":{"@id":"https://guatemalacvb.com/en/event/webinar-programa-mipyme/#primaryimage"},"thumbnailUrl":"https://guatemalacvb.com/wp-content/uploads/sites/46/2022/05/Webinar-empresa-proveedora.jpg","datePublished":"2022-05-25T17:13:17+00:00","breadcrumb":{"@id":"https://guatemalacvb.com/en/event/webinar-programa-mipyme/#breadcrumb"},"inLanguage":"en-US","potentialAction":[{"@type":"ReadAction","target":["https://guatemalacvb.com/en/event/webinar-programa-mipyme/"]}]},{"@type":"ImageObject","inLanguage":"en-US","@id":"https://guatemalacvb.com/en/event/webinar-programa-mipyme/#primaryimage","url":"https://guatemalacvb.com/wp-content/uploads/sites/46/2022/05/Webinar-empresa-proveedora.jpg","contentUrl":"https://guatemalacvb.com/wp-content/uploads/sites/46/2022/05/Webinar-empresa-proveedora.jpg","width":2551,"height":2520},{"@type":"BreadcrumbList","@id":"https://guatemalacvb.com/en/event/webinar-programa-mipyme/#breadcrumb","itemListElement":[{"@type":"ListItem","position":1,"name":"Portada","item":"https://guatemalacvb.com/en/"},{"@type":"ListItem","position":2,"name":"Events","item":"https://guatemalacvb.com/en/events/"},{"@type":"ListItem","position":3,"name":"Webinar Programa MIPYME"}]},{"@type":"WebSite","@id":"https://guatemalacvb.com/#website","url":"https://guatemalacvb.com/","name":"Buró de Convenciones de Guatemala","description":"Destino de clase mundial para eventos","publisher":{"@id":"https://guatemalacvb.com/#organization"},"potentialAction":[{"@type":"SearchAction","target":{"@type":"EntryPoint","urlTemplate":"https://guatemalacvb.com/?s={search_term_string}"},"query-input":{"@type":"PropertyValueSpecification","valueRequired":true,"valueName":"search_term_string"}}],"inLanguage":"en-US"},{"@type":"Organization","@id":"https://guatemalacvb.com/#organization","name":"Buró de Convenciones de Guatemala","url":"https://guatemalacvb.com/","logo":{"@type":"ImageObject","inLanguage":"en-US","@id":"https://guatemalacvb.com/#/schema/logo/image/","url":"https://guatemalacvb.com/wp-content/uploads/sites/46/2021/09/menu-logo-2.png","contentUrl":"https://guatemalacvb.com/wp-content/uploads/sites/46/2021/09/menu-logo-2.png","width":202,"height":96,"caption":"Buró de Convenciones de Guatemala"},"image":{"@id":"https://guatemalacvb.com/#/schema/logo/image/"},"sameAs":["https://www.facebook.com/BuroDeConvencionesGuatemala/","https://x.com/guatemalacvb","https://www.instagram.com/burodeconvencionesdeguatemala/","https://www.linkedin.com/in/buró-de-convenciones-de-guatemala-971526157"]}]}</script>
<!-- / Yoast SEO plugin. -->

Webinar Programa MIPYME - Buró de Convenciones de Guatemala

Buró de Convenciones de Guatemala y el Ministerio de Economía te invitan a participar en el webinar "Mi empresa como proveedora del estado". Impartido por el Lic. Bonnied Arenales, experto en compras públicas y consultor del Proyecto Creando Oportunidades Económicas USAID.

Buró de Convenciones de Guatemala

https://www.linkedin.com/in/buró-de-convenciones-de-guatemala-971526157
